{"id":49422,"date":"2018-03-24T15:42:48","date_gmt":"2018-03-24T14:42:48","guid":{"rendered":"http:\/\/boto.home.pl\/boto_www\/?page_id=49422"},"modified":"2021-01-16T01:59:48","modified_gmt":"2021-01-16T00:59:48","slug":"po-co-psuc-i-tak-juz-zla-atmosfere","status":"publish","type":"page","link":"https:\/\/boto.art.pl\/index.php\/po-co-psuc-i-tak-juz-zla-atmosfere\/","title":{"rendered":"PO CO PSU\u0106 I TAK JU\u017b Z\u0141\u0104 ATMOSFER\u0118"},"content":{"rendered":"<p>[et_pb_section bb_built=&#8221;1&#8243; _builder_version=&#8221;3.0.106&#8243; background_image=&#8221;http:\/\/boto.home.pl\/boto_www\/wp-content\/uploads\/2018\/03\/psuc_duzy.jpg&#8221; parallax=&#8221;on&#8221; custom_padding=&#8221;150px|0px|30px|0px&#8221; next_background_color=&#8221;#ffffff&#8221;][et_pb_row custom_padding=&#8221;3px|0px|27px|0px&#8221; _builder_version=&#8221;3.0.47&#8243; background_size=&#8221;initial&#8221; background_position=&#8221;top_left&#8221; background_repeat=&#8221;repeat&#8221;][et_pb_column type=&#8221;2_3&#8243;][et_pb_text _builder_version=&#8221;3.0.106&#8243; text_font=&#8221;|700||on|||||&#8221; text_font_size=&#8221;33px&#8221; text_text_shadow_style=&#8221;preset5&#8243; text_text_shadow_color=&#8221;rgba(255,255,255,0.56)&#8221;]<\/p>\n<p>PO CO PSU\u0106 I TAK JU\u017b Z\u0141\u0104 ATMOSFER\u0118<\/p>\n<p>[\/et_pb_text][et_pb_text _builder_version=&#8221;3.0.106&#8243; text_text_shadow_style=&#8221;preset5&#8243; text_text_shadow_horizontal_length=&#8221;0.07em&#8221; text_text_shadow_color=&#8221;rgba(255,255,255,0.65)&#8221; text_font=&#8221;||||||||&#8221;]<\/p>\n<p>Tekst i dramaturgia: Krzysztof Szekalski<br \/>\nRe\u017cyseria: Aleksandra Jakubczak<br \/>\nScenografia: Monika Nyckowska<br \/>\nMuzyka: Daniel Pigo\u0144ski<br \/>\nObsada: Anna K\u0142os-Kleszczewska, Micha\u0142 Czachor, Mateusz \u0141asowski, Sebastian Perdek<br \/>\nKonsultacja dramaturgiczna: Micha\u0142 Wybieralski<br \/>\nProjekt plakatu: Agata Baumgart<br \/>\nProdukcja: Fundacja Teatru BOTO<br \/>\nKoprodukcja: Mi\u0119dzynarodowy Festiwal Teatralny \u201eKonfrontacje\u201d w Lublinie<br \/>\nPremiera: 26 wrze\u015bnia 2015 r., Bemowskie Centrum Kultury (w ramach projektu Warszawa.doc)<\/p>\n<p>[\/et_pb_text][\/et_pb_column][et_pb_column type=&#8221;1_3&#8243;][\/et_pb_column][\/et_pb_row][\/et_pb_section][et_pb_section bb_built=&#8221;1&#8243; _builder_version=&#8221;3.0.47&#8243; prev_background_color=&#8221;#000000&#8243;][et_pb_row _builder_version=&#8221;3.0.47&#8243; background_size=&#8221;initial&#8221; background_position=&#8221;top_left&#8221; background_repeat=&#8221;repeat&#8221;][et_pb_column type=&#8221;2_3&#8243;][et_pb_text _builder_version=&#8221;3.0.106&#8243;]<\/p>\n<p>Projekt narodzi\u0142 si\u0119 podczas Festiwalu i Rezydencji Artystycznej Sopot Non-Fiction we wrze\u015bniu 2014 r. Nosi\u0142 wtedy tytu\u0142 \u201ePozna\u0144: miasto otwarte\u201d i by\u0142 pr\u00f3b\u0105 stworzenia portretu Poznania, jego politycznych, biznesowych i kulturalnych elit. Na podstawie materia\u0142\u00f3w dokumentalnych autorzy pr\u00f3bowali przedstawi\u0107 ch\u00f3r elit i mieszczan poklepuj\u0105cych si\u0119 wzajemnie po plecach, kt\u00f3ry wytwarza j\u0119zyk i spos\u00f3b dyskusji betonuj\u0105cy miasto i jego spo\u0142eczno\u015b\u0107.<\/p>\n<p>W kolejnej fazie projektu pt. \u201ePo co psu\u0107 i tak ju\u017c z\u0142\u0105 atmosfer\u0119\u201d g\u0142\u00f3wnym tematem sta\u0142a si\u0119 sprawa Wojciecha Kroloppa i jego ch\u00f3ru, kt\u00f3ra ma szans\u0119 sta\u0107 si\u0119 soczewk\u0105 skupiaj\u0105c\u0105 nurtuj\u0105ce nas problemy. Wielopi\u0119trowa zmowa milczenia, z jak\u0105 mieli\u015bmy do czynienia w przypadku tej sprawy, zwi\u0105zane z ni\u0105 mechanizmy wyparcia, szukania wym\u00f3wek, budowania pozornego spokoju w imi\u0119 partykularnych interes\u00f3w lub tak zwanych wy\u017cszych warto\u015bci s\u0105 podstaw\u0105 do pyta\u0144 o kategorie winy i odpowiedzialno\u015bci, o realne i symboliczne konsekwencje ukrywania niewygodnej prawdy, wreszcie o procesy stwarzaj\u0105ce i podtrzymuj\u0105ce zamkni\u0119ty system ochronny wok\u00f3\u0142 jawnie czynionego z\u0142a.<\/p>\n<p>Sytuacje, na kanwie kt\u00f3rych oparty jest spektakl wydarzy\u0142y si\u0119 w konkretnym miejscu i czasie. Czy jednak mo\u017cemy mie\u0107 pewno\u015b\u0107, \u017ce gdzie indziej si\u0119 nie powt\u00f3rz\u0105?<\/p>\n<p>[\/et_pb_text][\/et_pb_column][et_pb_column type=&#8221;1_3&#8243;][et_pb_text _builder_version=&#8221;3.20.2&#8243;]<\/p>\n<p>Pr\u00f3ba przed pokazem przedpremierowym w Sopocie w ramach Festiwalu i Rezydencji Artystycznej Sopot Non-Fiction , 1 wrze\u015bnia 2015, fot. Alicja Byzdra<\/p>\n<p>[\/et_pb_text][et_pb_gallery gallery_ids=&#8221;58160,58166,58163,58165,58162,58164,58161,58159,49424&#8243; gallery_captions=&#8221;plakat spektaklowy&#8221; posts_number=&#8221;10&#8243; show_pagination=&#8221;off&#8221; hover_overlay_color=&#8221;rgba(255,255,255,0.52)&#8221; hover_icon=&#8221;%%16%%&#8221; _builder_version=&#8221;3.20.2&#8243; title_font_size=&#8221;23px&#8221; pagination_font_size_tablet=&#8221;51&#8243; pagination_line_height_tablet=&#8221;2&#8243; zoom_icon_color=&#8221;#e59c00&#8243; fullwidth=&#8221;on&#8221; \/][\/et_pb_column][\/et_pb_row][\/et_pb_section]<\/p>\n","protected":false},"excerpt":{"rendered":"<p>PO CO PSU\u0106 I TAK JU\u017b Z\u0141\u0104 ATMOSFER\u0118 Tekst i dramaturgia: Krzysztof Szekalski Re\u017cyseria: Aleksandra Jakubczak Scenografia: Monika Nyckowska Muzyka: Daniel Pigo\u0144ski Obsada: Anna K\u0142os-Kleszczewska, Micha\u0142 Czachor, Mateusz \u0141asowski, Sebastian Perdek Konsultacja dramaturgiczna: Micha\u0142 Wybieralski Projekt plakatu: Agata Baumgart Produkcja: Fundacja Teatru BOTO Koprodukcja: Mi\u0119dzynarodowy Festiwal Teatralny \u201eKonfrontacje\u201d w Lublinie Premiera: 26 wrze\u015bnia 2015 r., [&hellip;]<\/p>\n","protected":false},"author":1,"featured_media":0,"parent":0,"menu_order":0,"comment_status":"closed","ping_status":"closed","template":"","meta":{"_et_pb_use_builder":"on","_et_pb_old_content":"","_et_gb_content_width":"","inline_featured_image":false,"footnotes":""},"class_list":["post-49422","page","type-page","status-publish","hentry"],"yoast_head":"<!-- This site is optimized with the Yoast SEO plugin v27.4 - https:\/\/yoast.com\/product\/yoast-seo-wordpress\/ -->\n<title>PO CO PSU\u0106 I TAK JU\u017b Z\u0141\u0104 ATMOSFER\u0118 &#8212; Teatr Boto<\/title>\n<meta name=\"robots\" content=\"index, follow, max-snippet:-1, max-image-preview:large, max-video-preview:-1\" \/>\n<link rel=\"canonical\" href=\"https:\/\/boto.art.pl\/index.php\/po-co-psuc-i-tak-juz-zla-atmosfere\/\" \/>\n<meta property=\"og:locale\" content=\"pl_PL\" \/>\n<meta property=\"og:type\" content=\"article\" \/>\n<meta property=\"og:title\" content=\"PO CO PSU\u0106 I TAK JU\u017b Z\u0141\u0104 ATMOSFER\u0118 &#8212; Teatr Boto\" \/>\n<meta property=\"og:description\" content=\"PO CO PSU\u0106 I TAK JU\u017b Z\u0141\u0104 ATMOSFER\u0118 Tekst i dramaturgia: Krzysztof Szekalski Re\u017cyseria: Aleksandra Jakubczak Scenografia: Monika Nyckowska Muzyka: Daniel Pigo\u0144ski Obsada: Anna K\u0142os-Kleszczewska, Micha\u0142 Czachor, Mateusz \u0141asowski, Sebastian Perdek Konsultacja dramaturgiczna: Micha\u0142 Wybieralski Projekt plakatu: Agata Baumgart Produkcja: Fundacja Teatru BOTO Koprodukcja: Mi\u0119dzynarodowy Festiwal Teatralny \u201eKonfrontacje\u201d w Lublinie Premiera: 26 wrze\u015bnia 2015 r., [&hellip;]\" \/>\n<meta property=\"og:url\" content=\"https:\/\/boto.art.pl\/index.php\/po-co-psuc-i-tak-juz-zla-atmosfere\/\" \/>\n<meta property=\"og:site_name\" content=\"Teatr Boto\" \/>\n<meta property=\"article:publisher\" content=\"https:\/\/www.facebook.com\/teatrboto\" \/>\n<meta property=\"article:modified_time\" content=\"2021-01-16T00:59:48+00:00\" \/>\n<meta name=\"twitter:card\" content=\"summary_large_image\" \/>\n<meta name=\"twitter:label1\" content=\"Szacowany czas czytania\" \/>\n\t<meta name=\"twitter:data1\" content=\"3 minuty\" \/>\n<script type=\"application\/ld+json\" class=\"yoast-schema-graph\">{\"@context\":\"https:\\\/\\\/schema.org\",\"@graph\":[{\"@type\":\"WebPage\",\"@id\":\"https:\\\/\\\/boto.art.pl\\\/index.php\\\/po-co-psuc-i-tak-juz-zla-atmosfere\\\/\",\"url\":\"https:\\\/\\\/boto.art.pl\\\/index.php\\\/po-co-psuc-i-tak-juz-zla-atmosfere\\\/\",\"name\":\"PO CO PSU\u0106 I TAK JU\u017b Z\u0141\u0104 ATMOSFER\u0118 &#8212; Teatr Boto\",\"isPartOf\":{\"@id\":\"https:\\\/\\\/boto.art.pl\\\/#website\"},\"datePublished\":\"2018-03-24T14:42:48+00:00\",\"dateModified\":\"2021-01-16T00:59:48+00:00\",\"breadcrumb\":{\"@id\":\"https:\\\/\\\/boto.art.pl\\\/index.php\\\/po-co-psuc-i-tak-juz-zla-atmosfere\\\/#breadcrumb\"},\"inLanguage\":\"pl-PL\",\"potentialAction\":[{\"@type\":\"ReadAction\",\"target\":[\"https:\\\/\\\/boto.art.pl\\\/index.php\\\/po-co-psuc-i-tak-juz-zla-atmosfere\\\/\"]}]},{\"@type\":\"BreadcrumbList\",\"@id\":\"https:\\\/\\\/boto.art.pl\\\/index.php\\\/po-co-psuc-i-tak-juz-zla-atmosfere\\\/#breadcrumb\",\"itemListElement\":[{\"@type\":\"ListItem\",\"position\":1,\"name\":\"Strona g\u0142\u00f3wna\",\"item\":\"https:\\\/\\\/boto.art.pl\\\/\"},{\"@type\":\"ListItem\",\"position\":2,\"name\":\"PO CO PSU\u0106 I TAK JU\u017b Z\u0141\u0104 ATMOSFER\u0118\"}]},{\"@type\":\"WebSite\",\"@id\":\"https:\\\/\\\/boto.art.pl\\\/#website\",\"url\":\"https:\\\/\\\/boto.art.pl\\\/\",\"name\":\"Teatr Boto\",\"description\":\"\",\"publisher\":{\"@id\":\"https:\\\/\\\/boto.art.pl\\\/#organization\"},\"potentialAction\":[{\"@type\":\"SearchAction\",\"target\":{\"@type\":\"EntryPoint\",\"urlTemplate\":\"https:\\\/\\\/boto.art.pl\\\/?s={search_term_string}\"},\"query-input\":{\"@type\":\"PropertyValueSpecification\",\"valueRequired\":true,\"valueName\":\"search_term_string\"}}],\"inLanguage\":\"pl-PL\"},{\"@type\":\"Organization\",\"@id\":\"https:\\\/\\\/boto.art.pl\\\/#organization\",\"name\":\"Teatr Boto\",\"url\":\"https:\\\/\\\/boto.art.pl\\\/\",\"logo\":{\"@type\":\"ImageObject\",\"inLanguage\":\"pl-PL\",\"@id\":\"https:\\\/\\\/boto.art.pl\\\/#\\\/schema\\\/logo\\\/image\\\/\",\"url\":\"https:\\\/\\\/boto.art.pl\\\/wp-content\\\/uploads\\\/2018\\\/03\\\/logotyp.svg\",\"contentUrl\":\"https:\\\/\\\/boto.art.pl\\\/wp-content\\\/uploads\\\/2018\\\/03\\\/logotyp.svg\",\"width\":1,\"height\":1,\"caption\":\"Teatr Boto\"},\"image\":{\"@id\":\"https:\\\/\\\/boto.art.pl\\\/#\\\/schema\\\/logo\\\/image\\\/\"},\"sameAs\":[\"https:\\\/\\\/www.facebook.com\\\/teatrboto\",\"https:\\\/\\\/www.instagram.com\\\/teatr_boto\\\/\"]}]}<\/script>\n<!-- \/ Yoast SEO plugin. -->","yoast_head_json":{"title":"PO CO PSU\u0106 I TAK JU\u017b Z\u0141\u0104 ATMOSFER\u0118 &#8212; Teatr Boto","robots":{"index":"index","follow":"follow","max-snippet":"max-snippet:-1","max-image-preview":"max-image-preview:large","max-video-preview":"max-video-preview:-1"},"canonical":"https:\/\/boto.art.pl\/index.php\/po-co-psuc-i-tak-juz-zla-atmosfere\/","og_locale":"pl_PL","og_type":"article","og_title":"PO CO PSU\u0106 I TAK JU\u017b Z\u0141\u0104 ATMOSFER\u0118 &#8212; Teatr Boto","og_description":"PO CO PSU\u0106 I TAK JU\u017b Z\u0141\u0104 ATMOSFER\u0118 Tekst i dramaturgia: Krzysztof Szekalski Re\u017cyseria: Aleksandra Jakubczak Scenografia: Monika Nyckowska Muzyka: Daniel Pigo\u0144ski Obsada: Anna K\u0142os-Kleszczewska, Micha\u0142 Czachor, Mateusz \u0141asowski, Sebastian Perdek Konsultacja dramaturgiczna: Micha\u0142 Wybieralski Projekt plakatu: Agata Baumgart Produkcja: Fundacja Teatru BOTO Koprodukcja: Mi\u0119dzynarodowy Festiwal Teatralny \u201eKonfrontacje\u201d w Lublinie Premiera: 26 wrze\u015bnia 2015 r., [&hellip;]","og_url":"https:\/\/boto.art.pl\/index.php\/po-co-psuc-i-tak-juz-zla-atmosfere\/","og_site_name":"Teatr Boto","article_publisher":"https:\/\/www.facebook.com\/teatrboto","article_modified_time":"2021-01-16T00:59:48+00:00","twitter_card":"summary_large_image","twitter_misc":{"Szacowany czas czytania":"3 minuty"},"schema":{"@context":"https:\/\/schema.org","@graph":[{"@type":"WebPage","@id":"https:\/\/boto.art.pl\/index.php\/po-co-psuc-i-tak-juz-zla-atmosfere\/","url":"https:\/\/boto.art.pl\/index.php\/po-co-psuc-i-tak-juz-zla-atmosfere\/","name":"PO CO PSU\u0106 I TAK JU\u017b Z\u0141\u0104 ATMOSFER\u0118 &#8212; Teatr Boto","isPartOf":{"@id":"https:\/\/boto.art.pl\/#website"},"datePublished":"2018-03-24T14:42:48+00:00","dateModified":"2021-01-16T00:59:48+00:00","breadcrumb":{"@id":"https:\/\/boto.art.pl\/index.php\/po-co-psuc-i-tak-juz-zla-atmosfere\/#breadcrumb"},"inLanguage":"pl-PL","potentialAction":[{"@type":"ReadAction","target":["https:\/\/boto.art.pl\/index.php\/po-co-psuc-i-tak-juz-zla-atmosfere\/"]}]},{"@type":"BreadcrumbList","@id":"https:\/\/boto.art.pl\/index.php\/po-co-psuc-i-tak-juz-zla-atmosfere\/#breadcrumb","itemListElement":[{"@type":"ListItem","position":1,"name":"Strona g\u0142\u00f3wna","item":"https:\/\/boto.art.pl\/"},{"@type":"ListItem","position":2,"name":"PO CO PSU\u0106 I TAK JU\u017b Z\u0141\u0104 ATMOSFER\u0118"}]},{"@type":"WebSite","@id":"https:\/\/boto.art.pl\/#website","url":"https:\/\/boto.art.pl\/","name":"Teatr Boto","description":"","publisher":{"@id":"https:\/\/boto.art.pl\/#organization"},"potentialAction":[{"@type":"SearchAction","target":{"@type":"EntryPoint","urlTemplate":"https:\/\/boto.art.pl\/?s={search_term_string}"},"query-input":{"@type":"PropertyValueSpecification","valueRequired":true,"valueName":"search_term_string"}}],"inLanguage":"pl-PL"},{"@type":"Organization","@id":"https:\/\/boto.art.pl\/#organization","name":"Teatr Boto","url":"https:\/\/boto.art.pl\/","logo":{"@type":"ImageObject","inLanguage":"pl-PL","@id":"https:\/\/boto.art.pl\/#\/schema\/logo\/image\/","url":"https:\/\/boto.art.pl\/wp-content\/uploads\/2018\/03\/logotyp.svg","contentUrl":"https:\/\/boto.art.pl\/wp-content\/uploads\/2018\/03\/logotyp.svg","width":1,"height":1,"caption":"Teatr Boto"},"image":{"@id":"https:\/\/boto.art.pl\/#\/schema\/logo\/image\/"},"sameAs":["https:\/\/www.facebook.com\/teatrboto","https:\/\/www.instagram.com\/teatr_boto\/"]}]}},"_links":{"self":[{"href":"https:\/\/boto.art.pl\/index.php\/wp-json\/wp\/v2\/pages\/49422","targetHints":{"allow":["GET"]}}],"collection":[{"href":"https:\/\/boto.art.pl\/index.php\/wp-json\/wp\/v2\/pages"}],"about":[{"href":"https:\/\/boto.art.pl\/index.php\/wp-json\/wp\/v2\/types\/page"}],"author":[{"embeddable":true,"href":"https:\/\/boto.art.pl\/index.php\/wp-json\/wp\/v2\/users\/1"}],"replies":[{"embeddable":true,"href":"https:\/\/boto.art.pl\/index.php\/wp-json\/wp\/v2\/comments?post=49422"}],"version-history":[{"count":4,"href":"https:\/\/boto.art.pl\/index.php\/wp-json\/wp\/v2\/pages\/49422\/revisions"}],"predecessor-version":[{"id":58167,"href":"https:\/\/boto.art.pl\/index.php\/wp-json\/wp\/v2\/pages\/49422\/revisions\/58167"}],"wp:attachment":[{"href":"https:\/\/boto.art.pl\/index.php\/wp-json\/wp\/v2\/media?parent=49422"}],"curies":[{"name":"wp","href":"https:\/\/api.w.org\/{rel}","templated":true}]}}