{"id":49784,"date":"2018-03-29T15:02:44","date_gmt":"2018-03-29T13:02:44","guid":{"rendered":"http:\/\/boto.home.pl\/boto_www\/?page_id=49784"},"modified":"2022-03-22T20:22:53","modified_gmt":"2022-03-22T19:22:53","slug":"sylwia-gora","status":"publish","type":"page","link":"https:\/\/boto.art.pl\/index.php\/sylwia-gora\/","title":{"rendered":"SYLWIA G\u00d3RA"},"content":{"rendered":"<p>[et_pb_section fb_built=&#8221;1&#8243; _builder_version=&#8221;3.22&#8243; global_colors_info=&#8221;{}&#8221;][et_pb_row _builder_version=&#8221;3.25&#8243; background_size=&#8221;initial&#8221; background_position=&#8221;top_left&#8221; background_repeat=&#8221;repeat&#8221; global_colors_info=&#8221;{}&#8221; column_structure=&#8221;2_5,3_5&#8243;][et_pb_column type=&#8221;2_5&#8243; _builder_version=&#8221;3.25&#8243; custom_padding=&#8221;|||&#8221; global_colors_info=&#8221;{}&#8221; custom_padding__hover=&#8221;|||&#8221;][et_pb_image src=&#8221;https:\/\/boto.art.pl\/wp-content\/uploads\/2021\/01\/sylwia_gora.jpeg&#8221; align_tablet=&#8221;center&#8221; align_last_edited=&#8221;on|desktop&#8221; _builder_version=&#8221;3.23&#8243; global_colors_info=&#8221;{}&#8221; align_phone=&#8221;center&#8221;]<\/p>\n<p>[\/et_pb_image][\/et_pb_column][et_pb_column type=&#8221;3_5&#8243; _builder_version=&#8221;3.25&#8243; custom_padding=&#8221;|||&#8221; global_colors_info=&#8221;{}&#8221; custom_padding__hover=&#8221;|||&#8221;][et_pb_text _builder_version=&#8221;3.27.4&#8243; text_font=&#8221;|||on|||||&#8221; text_font_size=&#8221;32px&#8221; global_colors_info=&#8221;{}&#8221;]<\/p>\n<p>SYLWIA G\u00d3RA<\/p>\n<p>[\/et_pb_text][et_pb_text _builder_version=&#8221;4.14.9&#8243; link_text_color=&#8221;#000000&#8243; header_text_align=&#8221;left&#8221; hover_enabled=&#8221;0&#8243; global_colors_info=&#8221;{}&#8221; sticky_enabled=&#8221;0&#8243;]<\/p>\n<p style=\"text-align: left;\"><strong>Sylwia G\u00f3ra<\/strong> &#8211; aktorka, absolwentka wydzia\u0142u aktorskiego Pa\u0144stwowej Wy\u017cszej Szko\u0142y Teatralnej im. Ludwika Solskiego w Krakowie, Wydzia\u0142 Zamiejscowy we Wroc\u0142awiu.<\/p>\n<p>Od 2010 roku zwi\u0105zana z Fundacj\u0105 Teatru BOTO, kt\u00f3rej jest wsp\u00f3\u0142za\u0142o\u017cycielk\u0105, a od 2020 tak\u017ce prezesk\u0105, i z kt\u00f3r\u0105 zrealizowa\u0142a spektakle: <a href=\"https:\/\/boto.art.pl\/index.php\/zielony-mezczyzna\/\">Zielony m\u0119\u017cczyzna<\/a>; <a href=\"https:\/\/boto.art.pl\/index.php\/nord-ost\/\">NORD-OST<\/a>; <a href=\"https:\/\/boto.art.pl\/index.php\/caloczerwone\/\">Ca\u0142oczerwone<\/a> i <a href=\"https:\/\/boto.art.pl\/index.php\/podroz-do-buenos-aires\/\">Podr\u00f3\u017c do Buenos Aires<\/a> w re\u017c. <a href=\"https:\/\/boto.art.pl\/index.php\/adam-nalepa\/\">Adama Nalepy<\/a>; <a href=\"https:\/\/boto.art.pl\/index.php\/wrozka-z-kranu\/\">Wr\u00f3\u017cka z kranu<\/a> w re\u017c. <a href=\"https:\/\/boto.art.pl\/index.php\/michal-derlatka\/\">Micha\u0142a Derlatki<\/a> oraz Sny w re\u017c. Cezarego Ibera.<\/p>\n<p>W latach 1999-2001 aktorka Teatru Wierszalin w Supra\u015blu. Pracowa\u0142a m.in. w Teatrze Wsp\u00f3\u0142czesnym we Wroc\u0142awiu, w Teatrze Pie\u015b\u0144 Koz\u0142a we Wroc\u0142awiu, w Tarnowskim Teatrze im. Ludwika Solskiego, w Teatrze Nowym w S\u0142upsku, w Teatrze na Pla\u017cy w Sopocie.<\/p>\n<p>W 2009 roku za spektakl Umi\u0142owana zdoby\u0142a nagrod\u0119 dla najlepszego aktora z Dolnego \u015al\u0105ska na Og\u00f3lnopolskim Festiwalu Teatr\u00f3w Jednego Aktora we Wroc\u0142awiu. W 2014 roku zosta\u0142a laureatk\u0105 Sopockiej Muzy w kategorii kultura i sztuka.<\/p>\n<p>Od roku 2011 aktorka<a href=\"https:\/\/www.teatrwybrzeze.pl\/zespol\/sylwia-gora-weber\"> Teatru Wybrze\u017ce<\/a> w Gda\u0144sku, gdzie mo\u017cna j\u0105 ogl\u0105da\u0107 w: Intymnych l\u0119kach, Fazie Delta, Broniewskim i Ruskich w re\u017c. Adama Orzechowskiego, Zmierzchu bog\u00f3w w re\u017c. Grzegorza Wi\u015bniewskiego, w Czarownicach z Salem w re\u017c. Adama Nalepy, Martwych duszach w re\u017c. Janusza Wi\u015bniewskiego, Portrecie damy w re\u017c. Eweliny Marciniak i Trojankach w re\u017c. Jana Klaty.<\/p>\n<p>W 2021 zdoby\u0142a nagrod\u0119 dla najlepszej aktorki na Festiwalu La Sun Film Fest, kt\u00f3ry odbywa\u0142 si\u0119 w Los Angeles.\u00a0<\/p>\n<p>[\/et_pb_text][\/et_pb_column][\/et_pb_row][\/et_pb_section]<\/p>\n","protected":false},"excerpt":{"rendered":"<p>SYLWIA G\u00d3RA Sylwia G\u00f3ra &#8211; aktorka, absolwentka wydzia\u0142u aktorskiego Pa\u0144stwowej Wy\u017cszej Szko\u0142y Teatralnej im. Ludwika Solskiego w Krakowie, Wydzia\u0142 Zamiejscowy we Wroc\u0142awiu. Od 2010 roku zwi\u0105zana z Fundacj\u0105 Teatru BOTO, kt\u00f3rej jest wsp\u00f3\u0142za\u0142o\u017cycielk\u0105, a od 2020 tak\u017ce prezesk\u0105, i z kt\u00f3r\u0105 zrealizowa\u0142a spektakle: Zielony m\u0119\u017cczyzna; NORD-OST; Ca\u0142oczerwone i Podr\u00f3\u017c do Buenos Aires w re\u017c. Adama [&hellip;]<\/p>\n","protected":false},"author":1,"featured_media":0,"parent":0,"menu_order":0,"comment_status":"closed","ping_status":"closed","template":"","meta":{"_et_pb_use_builder":"on","_et_pb_old_content":"","_et_gb_content_width":"","inline_featured_image":false,"footnotes":""},"class_list":["post-49784","page","type-page","status-publish","hentry"],"yoast_head":"<!-- This site is optimized with the Yoast SEO plugin v27.4 - https:\/\/yoast.com\/product\/yoast-seo-wordpress\/ -->\n<title>SYLWIA G\u00d3RA &#8212; Teatr Boto<\/title>\n<meta name=\"robots\" content=\"index, follow, max-snippet:-1, max-image-preview:large, max-video-preview:-1\" \/>\n<link rel=\"canonical\" href=\"https:\/\/boto.art.pl\/index.php\/sylwia-gora\/\" \/>\n<meta property=\"og:locale\" content=\"pl_PL\" \/>\n<meta property=\"og:type\" content=\"article\" \/>\n<meta property=\"og:title\" content=\"SYLWIA G\u00d3RA &#8212; Teatr Boto\" \/>\n<meta property=\"og:description\" content=\"SYLWIA G\u00d3RA Sylwia G\u00f3ra - aktorka, absolwentka wydzia\u0142u aktorskiego Pa\u0144stwowej Wy\u017cszej Szko\u0142y Teatralnej im. Ludwika Solskiego w Krakowie, Wydzia\u0142 Zamiejscowy we Wroc\u0142awiu. Od 2010 roku zwi\u0105zana z Fundacj\u0105 Teatru BOTO, kt\u00f3rej jest wsp\u00f3\u0142za\u0142o\u017cycielk\u0105, a od 2020 tak\u017ce prezesk\u0105, i z kt\u00f3r\u0105 zrealizowa\u0142a spektakle: Zielony m\u0119\u017cczyzna; NORD-OST; Ca\u0142oczerwone i Podr\u00f3\u017c do Buenos Aires w re\u017c. Adama [&hellip;]\" \/>\n<meta property=\"og:url\" content=\"https:\/\/boto.art.pl\/index.php\/sylwia-gora\/\" \/>\n<meta property=\"og:site_name\" content=\"Teatr Boto\" \/>\n<meta property=\"article:publisher\" content=\"https:\/\/www.facebook.com\/teatrboto\" \/>\n<meta property=\"article:modified_time\" content=\"2022-03-22T19:22:53+00:00\" \/>\n<meta name=\"twitter:card\" content=\"summary_large_image\" \/>\n<meta name=\"twitter:label1\" content=\"Szacowany czas czytania\" \/>\n\t<meta name=\"twitter:data1\" content=\"2 minuty\" \/>\n<script type=\"application\/ld+json\" class=\"yoast-schema-graph\">{\"@context\":\"https:\\\/\\\/schema.org\",\"@graph\":[{\"@type\":\"WebPage\",\"@id\":\"https:\\\/\\\/boto.art.pl\\\/index.php\\\/sylwia-gora\\\/\",\"url\":\"https:\\\/\\\/boto.art.pl\\\/index.php\\\/sylwia-gora\\\/\",\"name\":\"SYLWIA G\u00d3RA &#8212; Teatr Boto\",\"isPartOf\":{\"@id\":\"https:\\\/\\\/boto.art.pl\\\/#website\"},\"datePublished\":\"2018-03-29T13:02:44+00:00\",\"dateModified\":\"2022-03-22T19:22:53+00:00\",\"breadcrumb\":{\"@id\":\"https:\\\/\\\/boto.art.pl\\\/index.php\\\/sylwia-gora\\\/#breadcrumb\"},\"inLanguage\":\"pl-PL\",\"potentialAction\":[{\"@type\":\"ReadAction\",\"target\":[\"https:\\\/\\\/boto.art.pl\\\/index.php\\\/sylwia-gora\\\/\"]}]},{\"@type\":\"BreadcrumbList\",\"@id\":\"https:\\\/\\\/boto.art.pl\\\/index.php\\\/sylwia-gora\\\/#breadcrumb\",\"itemListElement\":[{\"@type\":\"ListItem\",\"position\":1,\"name\":\"Strona g\u0142\u00f3wna\",\"item\":\"https:\\\/\\\/boto.art.pl\\\/\"},{\"@type\":\"ListItem\",\"position\":2,\"name\":\"SYLWIA G\u00d3RA\"}]},{\"@type\":\"WebSite\",\"@id\":\"https:\\\/\\\/boto.art.pl\\\/#website\",\"url\":\"https:\\\/\\\/boto.art.pl\\\/\",\"name\":\"Teatr Boto\",\"description\":\"\",\"publisher\":{\"@id\":\"https:\\\/\\\/boto.art.pl\\\/#organization\"},\"potentialAction\":[{\"@type\":\"SearchAction\",\"target\":{\"@type\":\"EntryPoint\",\"urlTemplate\":\"https:\\\/\\\/boto.art.pl\\\/?s={search_term_string}\"},\"query-input\":{\"@type\":\"PropertyValueSpecification\",\"valueRequired\":true,\"valueName\":\"search_term_string\"}}],\"inLanguage\":\"pl-PL\"},{\"@type\":\"Organization\",\"@id\":\"https:\\\/\\\/boto.art.pl\\\/#organization\",\"name\":\"Teatr Boto\",\"url\":\"https:\\\/\\\/boto.art.pl\\\/\",\"logo\":{\"@type\":\"ImageObject\",\"inLanguage\":\"pl-PL\",\"@id\":\"https:\\\/\\\/boto.art.pl\\\/#\\\/schema\\\/logo\\\/image\\\/\",\"url\":\"https:\\\/\\\/boto.art.pl\\\/wp-content\\\/uploads\\\/2018\\\/03\\\/logotyp.svg\",\"contentUrl\":\"https:\\\/\\\/boto.art.pl\\\/wp-content\\\/uploads\\\/2018\\\/03\\\/logotyp.svg\",\"width\":1,\"height\":1,\"caption\":\"Teatr Boto\"},\"image\":{\"@id\":\"https:\\\/\\\/boto.art.pl\\\/#\\\/schema\\\/logo\\\/image\\\/\"},\"sameAs\":[\"https:\\\/\\\/www.facebook.com\\\/teatrboto\",\"https:\\\/\\\/www.instagram.com\\\/teatr_boto\\\/\"]}]}<\/script>\n<!-- \/ Yoast SEO plugin. -->","yoast_head_json":{"title":"SYLWIA G\u00d3RA &#8212; Teatr Boto","robots":{"index":"index","follow":"follow","max-snippet":"max-snippet:-1","max-image-preview":"max-image-preview:large","max-video-preview":"max-video-preview:-1"},"canonical":"https:\/\/boto.art.pl\/index.php\/sylwia-gora\/","og_locale":"pl_PL","og_type":"article","og_title":"SYLWIA G\u00d3RA &#8212; Teatr Boto","og_description":"SYLWIA G\u00d3RA Sylwia G\u00f3ra - aktorka, absolwentka wydzia\u0142u aktorskiego Pa\u0144stwowej Wy\u017cszej Szko\u0142y Teatralnej im. Ludwika Solskiego w Krakowie, Wydzia\u0142 Zamiejscowy we Wroc\u0142awiu. Od 2010 roku zwi\u0105zana z Fundacj\u0105 Teatru BOTO, kt\u00f3rej jest wsp\u00f3\u0142za\u0142o\u017cycielk\u0105, a od 2020 tak\u017ce prezesk\u0105, i z kt\u00f3r\u0105 zrealizowa\u0142a spektakle: Zielony m\u0119\u017cczyzna; NORD-OST; Ca\u0142oczerwone i Podr\u00f3\u017c do Buenos Aires w re\u017c. Adama [&hellip;]","og_url":"https:\/\/boto.art.pl\/index.php\/sylwia-gora\/","og_site_name":"Teatr Boto","article_publisher":"https:\/\/www.facebook.com\/teatrboto","article_modified_time":"2022-03-22T19:22:53+00:00","twitter_card":"summary_large_image","twitter_misc":{"Szacowany czas czytania":"2 minuty"},"schema":{"@context":"https:\/\/schema.org","@graph":[{"@type":"WebPage","@id":"https:\/\/boto.art.pl\/index.php\/sylwia-gora\/","url":"https:\/\/boto.art.pl\/index.php\/sylwia-gora\/","name":"SYLWIA G\u00d3RA &#8212; Teatr Boto","isPartOf":{"@id":"https:\/\/boto.art.pl\/#website"},"datePublished":"2018-03-29T13:02:44+00:00","dateModified":"2022-03-22T19:22:53+00:00","breadcrumb":{"@id":"https:\/\/boto.art.pl\/index.php\/sylwia-gora\/#breadcrumb"},"inLanguage":"pl-PL","potentialAction":[{"@type":"ReadAction","target":["https:\/\/boto.art.pl\/index.php\/sylwia-gora\/"]}]},{"@type":"BreadcrumbList","@id":"https:\/\/boto.art.pl\/index.php\/sylwia-gora\/#breadcrumb","itemListElement":[{"@type":"ListItem","position":1,"name":"Strona g\u0142\u00f3wna","item":"https:\/\/boto.art.pl\/"},{"@type":"ListItem","position":2,"name":"SYLWIA G\u00d3RA"}]},{"@type":"WebSite","@id":"https:\/\/boto.art.pl\/#website","url":"https:\/\/boto.art.pl\/","name":"Teatr Boto","description":"","publisher":{"@id":"https:\/\/boto.art.pl\/#organization"},"potentialAction":[{"@type":"SearchAction","target":{"@type":"EntryPoint","urlTemplate":"https:\/\/boto.art.pl\/?s={search_term_string}"},"query-input":{"@type":"PropertyValueSpecification","valueRequired":true,"valueName":"search_term_string"}}],"inLanguage":"pl-PL"},{"@type":"Organization","@id":"https:\/\/boto.art.pl\/#organization","name":"Teatr Boto","url":"https:\/\/boto.art.pl\/","logo":{"@type":"ImageObject","inLanguage":"pl-PL","@id":"https:\/\/boto.art.pl\/#\/schema\/logo\/image\/","url":"https:\/\/boto.art.pl\/wp-content\/uploads\/2018\/03\/logotyp.svg","contentUrl":"https:\/\/boto.art.pl\/wp-content\/uploads\/2018\/03\/logotyp.svg","width":1,"height":1,"caption":"Teatr Boto"},"image":{"@id":"https:\/\/boto.art.pl\/#\/schema\/logo\/image\/"},"sameAs":["https:\/\/www.facebook.com\/teatrboto","https:\/\/www.instagram.com\/teatr_boto\/"]}]}},"_links":{"self":[{"href":"https:\/\/boto.art.pl\/index.php\/wp-json\/wp\/v2\/pages\/49784","targetHints":{"allow":["GET"]}}],"collection":[{"href":"https:\/\/boto.art.pl\/index.php\/wp-json\/wp\/v2\/pages"}],"about":[{"href":"https:\/\/boto.art.pl\/index.php\/wp-json\/wp\/v2\/types\/page"}],"author":[{"embeddable":true,"href":"https:\/\/boto.art.pl\/index.php\/wp-json\/wp\/v2\/users\/1"}],"replies":[{"embeddable":true,"href":"https:\/\/boto.art.pl\/index.php\/wp-json\/wp\/v2\/comments?post=49784"}],"version-history":[{"count":18,"href":"https:\/\/boto.art.pl\/index.php\/wp-json\/wp\/v2\/pages\/49784\/revisions"}],"predecessor-version":[{"id":71005,"href":"https:\/\/boto.art.pl\/index.php\/wp-json\/wp\/v2\/pages\/49784\/revisions\/71005"}],"wp:attachment":[{"href":"https:\/\/boto.art.pl\/index.php\/wp-json\/wp\/v2\/media?parent=49784"}],"curies":[{"name":"wp","href":"https:\/\/api.w.org\/{rel}","templated":true}]}}