{"id":49817,"date":"2018-03-30T11:41:54","date_gmt":"2018-03-30T09:41:54","guid":{"rendered":"http:\/\/boto.home.pl\/boto_www\/?page_id=49817"},"modified":"2020-01-08T23:10:02","modified_gmt":"2020-01-08T22:10:02","slug":"roman-pawlowski","status":"publish","type":"page","link":"https:\/\/boto.art.pl\/index.php\/roman-pawlowski\/","title":{"rendered":"ROMAN PAW\u0141OWSKI"},"content":{"rendered":"<p>[et_pb_section bb_built=&#8221;1&#8243; _builder_version=&#8221;3.0.47&#8243;][et_pb_row _builder_version=&#8221;3.0.48&#8243; background_size=&#8221;initial&#8221; background_position=&#8221;top_left&#8221; background_repeat=&#8221;repeat&#8221;][et_pb_column type=&#8221;2_5&#8243;][et_pb_image _builder_version=&#8221;3.20.2&#8243; src=&#8221;http:\/\/boto.art.pl\/wp-content\/uploads\/2019\/05\/roman-paw\u0142owski.jpg&#8221; \/][\/et_pb_column][et_pb_column type=&#8221;3_5&#8243;][et_pb_text _builder_version=&#8221;3.0.106&#8243; text_font=&#8221;|||on|||||&#8221; text_font_size=&#8221;32px&#8221;]<\/p>\n<p>ROMAN PAW\u0141OWSKI<\/p>\n<p>[\/et_pb_text][et_pb_text _builder_version=&#8221;3.20.2&#8243; link_text_color=&#8221;#000000&#8243; header_text_align=&#8221;left&#8221;]<\/p>\n<p><strong>Roman Paw\u0142owski<\/strong> &#8211; krytyk kultury, publicysta, kurator teatralny. Absolwent teatrologii Uniwersytetu Jagiello\u0144skiego w Krakowie.<\/p>\n<p>Od 2012 roku kurator Festiwalu Teatru Dokumentalnego i Rezydencji Artystycznej\u00a0<a href=\"http:\/\/boto.art.pl\/index.php\/sopot-non-fiction\/\">Sopot Non-Fiction,<\/a> oraz pomys\u0142odawca i kurator projektu Warszawa.doc.<\/p>\n<p>Od listopada 2014 dyrektor programowy TR Warszawa. Zajmuje si\u0119 problemami nowej dramaturgii i polityki kulturalnej, prowadzi autorskie warsztaty z pisania krytycznego i teatru dokumentalnego. Wsp\u00f3\u0142pracuje z \u201eGazet\u0105 Wyborcz\u0105\u201d, \u201eDziennikiem Opinii\u201d i \u201eNotatnikiem Teatralnym\u201d.<\/p>\n<p>W 2013 zadebiutowa\u0142 jako dramaturg w Teatrze Nowym w Poznaniu dokumentalnym serialem teatralnym \u201eJe\u017cyce Story\u201d.<\/p>\n<p>Jako kurator przygotowa\u0142 dwie edycje festiwalu teatralnego Nowa Klasyka Europy w \u0141odzi (2010, 2012) oraz przegl\u0105d \u201e\u0414\u0410! \u0414\u0410! \u0414\u0410! Wsp\u00f3\u0142czesny teatr, dramat i performans z Rosji\u201d w Warszawie (2013).<\/p>\n<p>W latach 2008\/2010 by\u0142 wsp\u00f3\u0142tw\u00f3rc\u0105 i wyk\u0142adowc\u0105 Szko\u0142y Laboratorium Dramatu, pierwszej szko\u0142y dramaturgicznej w Polsce.<\/p>\n<p>Zredagowa\u0142 i wyda\u0142 dwie antologie nowych sztuk polskich \u201a\u201ePokolenie porno i inne niesmaczne utwory teatralne\u201d (Zielona Sowa, Krak\u00f3w 2003) i \u201eMade in Poland. Dziewi\u0119\u0107 sztuk teatralnych z Polski\u201d (Ha!art, Krak\u00f3w 2006), kt\u00f3re da\u0142y impuls do rozwoju nowej dramaturgii w Polsce.<\/p>\n<p>W latach 1994\/2012 by\u0142 dziennikarzem \u201eGazety Wyborczej\u201d, za swoje recenzje teatralne zdoby\u0142 Nagrod\u0119 im. Z. Raszewskiego dla najlepszego polskiego krytyka teatralnego.<\/p>\n<p>[\/et_pb_text][\/et_pb_column][\/et_pb_row][\/et_pb_section]<\/p>\n","protected":false},"excerpt":{"rendered":"<p>ROMAN PAW\u0141OWSKI Roman Paw\u0142owski &#8211; krytyk kultury, publicysta, kurator teatralny. Absolwent teatrologii Uniwersytetu Jagiello\u0144skiego w Krakowie.Od 2012 roku kurator Festiwalu Teatru Dokumentalnego i Rezydencji Artystycznej\u00a0Sopot Non-Fiction, oraz pomys\u0142odawca i kurator projektu Warszawa.doc.Od listopada 2014 dyrektor programowy TR Warszawa. Zajmuje si\u0119 problemami nowej dramaturgii i polityki kulturalnej, prowadzi autorskie warsztaty z pisania krytycznego i teatru dokumentalnego. [&hellip;]<\/p>\n","protected":false},"author":1,"featured_media":0,"parent":0,"menu_order":0,"comment_status":"closed","ping_status":"closed","template":"","meta":{"_et_pb_use_builder":"on","_et_pb_old_content":"","_et_gb_content_width":"","inline_featured_image":false,"footnotes":""},"class_list":["post-49817","page","type-page","status-publish","hentry"],"yoast_head":"<!-- This site is optimized with the Yoast SEO plugin v27.5 - https:\/\/yoast.com\/product\/yoast-seo-wordpress\/ -->\n<title>ROMAN PAW\u0141OWSKI &#8212; Teatr Boto<\/title>\n<meta name=\"robots\" content=\"index, follow, max-snippet:-1, max-image-preview:large, max-video-preview:-1\" \/>\n<link rel=\"canonical\" href=\"https:\/\/boto.art.pl\/index.php\/roman-pawlowski\/\" \/>\n<meta property=\"og:locale\" content=\"pl_PL\" \/>\n<meta property=\"og:type\" content=\"article\" \/>\n<meta property=\"og:title\" content=\"ROMAN PAW\u0141OWSKI &#8212; Teatr Boto\" \/>\n<meta property=\"og:description\" content=\"ROMAN PAW\u0141OWSKI Roman Paw\u0142owski - krytyk kultury, publicysta, kurator teatralny. Absolwent teatrologii Uniwersytetu Jagiello\u0144skiego w Krakowie.Od 2012 roku kurator Festiwalu Teatru Dokumentalnego i Rezydencji Artystycznej\u00a0Sopot Non-Fiction, oraz pomys\u0142odawca i kurator projektu Warszawa.doc.Od listopada 2014 dyrektor programowy TR Warszawa. Zajmuje si\u0119 problemami nowej dramaturgii i polityki kulturalnej, prowadzi autorskie warsztaty z pisania krytycznego i teatru dokumentalnego. [&hellip;]\" \/>\n<meta property=\"og:url\" content=\"https:\/\/boto.art.pl\/index.php\/roman-pawlowski\/\" \/>\n<meta property=\"og:site_name\" content=\"Teatr Boto\" \/>\n<meta property=\"article:publisher\" content=\"https:\/\/www.facebook.com\/teatrboto\" \/>\n<meta property=\"article:modified_time\" content=\"2020-01-08T22:10:02+00:00\" \/>\n<meta name=\"twitter:card\" content=\"summary_large_image\" \/>\n<meta name=\"twitter:label1\" content=\"Szacowany czas czytania\" \/>\n\t<meta name=\"twitter:data1\" content=\"1 minuta\" \/>\n<script type=\"application\/ld+json\" class=\"yoast-schema-graph\">{\"@context\":\"https:\\\/\\\/schema.org\",\"@graph\":[{\"@type\":\"WebPage\",\"@id\":\"https:\\\/\\\/boto.art.pl\\\/index.php\\\/roman-pawlowski\\\/\",\"url\":\"https:\\\/\\\/boto.art.pl\\\/index.php\\\/roman-pawlowski\\\/\",\"name\":\"ROMAN PAW\u0141OWSKI &#8212; Teatr Boto\",\"isPartOf\":{\"@id\":\"https:\\\/\\\/boto.art.pl\\\/#website\"},\"datePublished\":\"2018-03-30T09:41:54+00:00\",\"dateModified\":\"2020-01-08T22:10:02+00:00\",\"breadcrumb\":{\"@id\":\"https:\\\/\\\/boto.art.pl\\\/index.php\\\/roman-pawlowski\\\/#breadcrumb\"},\"inLanguage\":\"pl-PL\",\"potentialAction\":[{\"@type\":\"ReadAction\",\"target\":[\"https:\\\/\\\/boto.art.pl\\\/index.php\\\/roman-pawlowski\\\/\"]}]},{\"@type\":\"BreadcrumbList\",\"@id\":\"https:\\\/\\\/boto.art.pl\\\/index.php\\\/roman-pawlowski\\\/#breadcrumb\",\"itemListElement\":[{\"@type\":\"ListItem\",\"position\":1,\"name\":\"Strona g\u0142\u00f3wna\",\"item\":\"https:\\\/\\\/boto.art.pl\\\/\"},{\"@type\":\"ListItem\",\"position\":2,\"name\":\"ROMAN PAW\u0141OWSKI\"}]},{\"@type\":\"WebSite\",\"@id\":\"https:\\\/\\\/boto.art.pl\\\/#website\",\"url\":\"https:\\\/\\\/boto.art.pl\\\/\",\"name\":\"Teatr Boto\",\"description\":\"\",\"publisher\":{\"@id\":\"https:\\\/\\\/boto.art.pl\\\/#organization\"},\"potentialAction\":[{\"@type\":\"SearchAction\",\"target\":{\"@type\":\"EntryPoint\",\"urlTemplate\":\"https:\\\/\\\/boto.art.pl\\\/?s={search_term_string}\"},\"query-input\":{\"@type\":\"PropertyValueSpecification\",\"valueRequired\":true,\"valueName\":\"search_term_string\"}}],\"inLanguage\":\"pl-PL\"},{\"@type\":\"Organization\",\"@id\":\"https:\\\/\\\/boto.art.pl\\\/#organization\",\"name\":\"Teatr Boto\",\"url\":\"https:\\\/\\\/boto.art.pl\\\/\",\"logo\":{\"@type\":\"ImageObject\",\"inLanguage\":\"pl-PL\",\"@id\":\"https:\\\/\\\/boto.art.pl\\\/#\\\/schema\\\/logo\\\/image\\\/\",\"url\":\"https:\\\/\\\/boto.art.pl\\\/wp-content\\\/uploads\\\/2018\\\/03\\\/logotyp.svg\",\"contentUrl\":\"https:\\\/\\\/boto.art.pl\\\/wp-content\\\/uploads\\\/2018\\\/03\\\/logotyp.svg\",\"width\":1,\"height\":1,\"caption\":\"Teatr Boto\"},\"image\":{\"@id\":\"https:\\\/\\\/boto.art.pl\\\/#\\\/schema\\\/logo\\\/image\\\/\"},\"sameAs\":[\"https:\\\/\\\/www.facebook.com\\\/teatrboto\",\"https:\\\/\\\/www.instagram.com\\\/teatr_boto\\\/\"]}]}<\/script>\n<!-- \/ Yoast SEO plugin. -->","yoast_head_json":{"title":"ROMAN PAW\u0141OWSKI &#8212; Teatr Boto","robots":{"index":"index","follow":"follow","max-snippet":"max-snippet:-1","max-image-preview":"max-image-preview:large","max-video-preview":"max-video-preview:-1"},"canonical":"https:\/\/boto.art.pl\/index.php\/roman-pawlowski\/","og_locale":"pl_PL","og_type":"article","og_title":"ROMAN PAW\u0141OWSKI &#8212; Teatr Boto","og_description":"ROMAN PAW\u0141OWSKI Roman Paw\u0142owski - krytyk kultury, publicysta, kurator teatralny. Absolwent teatrologii Uniwersytetu Jagiello\u0144skiego w Krakowie.Od 2012 roku kurator Festiwalu Teatru Dokumentalnego i Rezydencji Artystycznej\u00a0Sopot Non-Fiction, oraz pomys\u0142odawca i kurator projektu Warszawa.doc.Od listopada 2014 dyrektor programowy TR Warszawa. Zajmuje si\u0119 problemami nowej dramaturgii i polityki kulturalnej, prowadzi autorskie warsztaty z pisania krytycznego i teatru dokumentalnego. [&hellip;]","og_url":"https:\/\/boto.art.pl\/index.php\/roman-pawlowski\/","og_site_name":"Teatr Boto","article_publisher":"https:\/\/www.facebook.com\/teatrboto","article_modified_time":"2020-01-08T22:10:02+00:00","twitter_card":"summary_large_image","twitter_misc":{"Szacowany czas czytania":"1 minuta"},"schema":{"@context":"https:\/\/schema.org","@graph":[{"@type":"WebPage","@id":"https:\/\/boto.art.pl\/index.php\/roman-pawlowski\/","url":"https:\/\/boto.art.pl\/index.php\/roman-pawlowski\/","name":"ROMAN PAW\u0141OWSKI &#8212; Teatr Boto","isPartOf":{"@id":"https:\/\/boto.art.pl\/#website"},"datePublished":"2018-03-30T09:41:54+00:00","dateModified":"2020-01-08T22:10:02+00:00","breadcrumb":{"@id":"https:\/\/boto.art.pl\/index.php\/roman-pawlowski\/#breadcrumb"},"inLanguage":"pl-PL","potentialAction":[{"@type":"ReadAction","target":["https:\/\/boto.art.pl\/index.php\/roman-pawlowski\/"]}]},{"@type":"BreadcrumbList","@id":"https:\/\/boto.art.pl\/index.php\/roman-pawlowski\/#breadcrumb","itemListElement":[{"@type":"ListItem","position":1,"name":"Strona g\u0142\u00f3wna","item":"https:\/\/boto.art.pl\/"},{"@type":"ListItem","position":2,"name":"ROMAN PAW\u0141OWSKI"}]},{"@type":"WebSite","@id":"https:\/\/boto.art.pl\/#website","url":"https:\/\/boto.art.pl\/","name":"Teatr Boto","description":"","publisher":{"@id":"https:\/\/boto.art.pl\/#organization"},"potentialAction":[{"@type":"SearchAction","target":{"@type":"EntryPoint","urlTemplate":"https:\/\/boto.art.pl\/?s={search_term_string}"},"query-input":{"@type":"PropertyValueSpecification","valueRequired":true,"valueName":"search_term_string"}}],"inLanguage":"pl-PL"},{"@type":"Organization","@id":"https:\/\/boto.art.pl\/#organization","name":"Teatr Boto","url":"https:\/\/boto.art.pl\/","logo":{"@type":"ImageObject","inLanguage":"pl-PL","@id":"https:\/\/boto.art.pl\/#\/schema\/logo\/image\/","url":"https:\/\/boto.art.pl\/wp-content\/uploads\/2018\/03\/logotyp.svg","contentUrl":"https:\/\/boto.art.pl\/wp-content\/uploads\/2018\/03\/logotyp.svg","width":1,"height":1,"caption":"Teatr Boto"},"image":{"@id":"https:\/\/boto.art.pl\/#\/schema\/logo\/image\/"},"sameAs":["https:\/\/www.facebook.com\/teatrboto","https:\/\/www.instagram.com\/teatr_boto\/"]}]}},"_links":{"self":[{"href":"https:\/\/boto.art.pl\/index.php\/wp-json\/wp\/v2\/pages\/49817","targetHints":{"allow":["GET"]}}],"collection":[{"href":"https:\/\/boto.art.pl\/index.php\/wp-json\/wp\/v2\/pages"}],"about":[{"href":"https:\/\/boto.art.pl\/index.php\/wp-json\/wp\/v2\/types\/page"}],"author":[{"embeddable":true,"href":"https:\/\/boto.art.pl\/index.php\/wp-json\/wp\/v2\/users\/1"}],"replies":[{"embeddable":true,"href":"https:\/\/boto.art.pl\/index.php\/wp-json\/wp\/v2\/comments?post=49817"}],"version-history":[{"count":5,"href":"https:\/\/boto.art.pl\/index.php\/wp-json\/wp\/v2\/pages\/49817\/revisions"}],"predecessor-version":[{"id":56735,"href":"https:\/\/boto.art.pl\/index.php\/wp-json\/wp\/v2\/pages\/49817\/revisions\/56735"}],"wp:attachment":[{"href":"https:\/\/boto.art.pl\/index.php\/wp-json\/wp\/v2\/media?parent=49817"}],"curies":[{"name":"wp","href":"https:\/\/api.w.org\/{rel}","templated":true}]}}