{"id":49822,"date":"2018-03-30T12:20:20","date_gmt":"2018-03-30T10:20:20","guid":{"rendered":"http:\/\/boto.home.pl\/boto_www\/?page_id=49822"},"modified":"2020-11-03T12:05:31","modified_gmt":"2020-11-03T11:05:31","slug":"grzegorz-sierzputowski","status":"publish","type":"page","link":"https:\/\/boto.art.pl\/index.php\/grzegorz-sierzputowski\/","title":{"rendered":"GRZEGORZ SIERZPUTOWSKI"},"content":{"rendered":"<p>[et_pb_section fb_built=&#8221;1&#8243; _builder_version=&#8221;3.0.47&#8243;][et_pb_row _builder_version=&#8221;3.0.48&#8243; background_size=&#8221;initial&#8221; background_position=&#8221;top_left&#8221; background_repeat=&#8221;repeat&#8221;][et_pb_column type=&#8221;2_5&#8243; _builder_version=&#8221;3.0.47&#8243;][et_pb_image src=&#8221;http:\/\/boto.art.pl\/wp-content\/uploads\/2018\/04\/grzegorz-sierzputowski.jpg&#8221; _builder_version=&#8221;3.0.106&#8243;]<br \/>\n[\/et_pb_image][\/et_pb_column][et_pb_column type=&#8221;3_5&#8243; _builder_version=&#8221;3.0.47&#8243;][et_pb_text _builder_version=&#8221;3.0.106&#8243; text_font=&#8221;|||on|||||&#8221; text_font_size=&#8221;32px&#8221;]<\/p>\n<p>GRZEGORZ SIERZPUTOWSKI<\/p>\n<p>[\/et_pb_text][et_pb_text _builder_version=&#8221;3.20.2&#8243; link_text_color=&#8221;#000000&#8243; header_text_align=&#8221;left&#8221;]<\/p>\n<p><strong>Grzegorz Sierzputowski<\/strong> &#8211; aktor teatralny i filmowy, teatrolog, re\u017cyser, animator kultury. Uko\u0144czy\u0142 Akademi\u0119 Teatraln\u0105 w Warszawie.<\/p>\n<p>Od 2015 roku jest prezesem Fundacji Teatru Trans-Atlantyk, kt\u00f3ry wsp\u00f3\u0142tworzy z aktork\u0105 Teatru Dramatycznego w Warszawie Mart\u0105 Kr\u00f3l i ameryka\u0144skim re\u017cyserem Paulem Bargetto. Spektakl \u201eAlbum Karla Hoeckera\u201d rozpocz\u0119ty w ramach rezydencji <a href=\"http:\/\/boto.art.pl\/index.php\/sopot-non-fiction-2014-rezydencje\/\">Sopot Non-Fiction<\/a> by\u0142 pokazywany na najwi\u0119kszych polskich festiwalach m.in. Malcie w Poznaniu i Interpretacjach w Katowicach.<\/p>\n<p>W 2010 razem z Sylwi\u0105 G\u00f3r\u0105-Weber, Adamem Nalep\u0105 i Tomaszem Weberem za\u0142o\u017cy\u0142 Fundacj\u0119 Teatru BOTO. Gra tytu\u0142ow\u0105 posta\u0107 w spektaklu Fundacji pt. <a href=\"http:\/\/boto.art.pl\/index.php\/zielony-mezczyzna\/\">Zielony m\u0119\u017cczyzna<\/a>.<\/p>\n<p>Po studiach pozosta\u0142 w Warszawie graj\u0105c w Teatrze Nowym (za dyrekcji A. Hanuszkiewicza), Teatrze Capitol, ursynowskim Teatrze zaDalekim i bemowskim Teatrze GO.<br \/>Prac\u0119 pedagogiczn\u0105 i re\u017cysersk\u0105 realizuje w utworzonym przez siebie w 2005 roku Teatrze Politechniki Warszawskiej, gdzie pracuje z uzdolnionym teatralnie studentami oraz w ursynowskim Domu Sztuki.<br \/>Niegdy\u015b zwi\u0105zany r\u00f3wnie\u017c z nieistniej\u0105c\u0105 ju\u017c Sopock\u0105 Scen\u0105 Offdebicz.<\/p>\n<p>Na swoim koncie ma ponad 30 r\u00f3l teatralnych i filmowych. Jest wsp\u00f3\u0142tw\u00f3rc\u0105 dw\u00f3ch monodram\u00f3w: \u201eZapiski oficera Armii Czerwonej\u201d wg prozy S. Piaseckiego w re\u017c. P. Kowalewskiego i \u201eA teraz JA!\u201d wg tekst\u00f3w W. Gombrowicza w re\u017c. Ewy Ignaczak. Zagra\u0142 w kilkunastu serialach telewizyjnych, Teatrach TV, Teatrach Polskiego Radia oraz dw\u00f3ch filmach fabularnych u Janusza Majewskiego (\u201eZ\u0142oto Dezerter\u00f3w\u201d) i u Andrzeja Bara\u0144skiego (\u201eKsi\u0119stwo\u201d).<\/p>\n<p>&nbsp;<\/p>\n<p>[\/et_pb_text][\/et_pb_column][\/et_pb_row][\/et_pb_section]<\/p>\n","protected":false},"excerpt":{"rendered":"<p>GRZEGORZ SIERZPUTOWSKI Grzegorz Sierzputowski &#8211; aktor teatralny i filmowy, teatrolog, re\u017cyser, animator kultury. Uko\u0144czy\u0142 Akademi\u0119 Teatraln\u0105 w Warszawie. Od 2015 roku jest prezesem Fundacji Teatru Trans-Atlantyk, kt\u00f3ry wsp\u00f3\u0142tworzy z aktork\u0105 Teatru Dramatycznego w Warszawie Mart\u0105 Kr\u00f3l i ameryka\u0144skim re\u017cyserem Paulem Bargetto. Spektakl \u201eAlbum Karla Hoeckera\u201d rozpocz\u0119ty w ramach rezydencji Sopot Non-Fiction by\u0142 pokazywany na najwi\u0119kszych [&hellip;]<\/p>\n","protected":false},"author":1,"featured_media":0,"parent":0,"menu_order":0,"comment_status":"closed","ping_status":"closed","template":"","meta":{"_et_pb_use_builder":"on","_et_pb_old_content":"","_et_gb_content_width":"","inline_featured_image":false,"footnotes":""},"class_list":["post-49822","page","type-page","status-publish","hentry"],"yoast_head":"<!-- This site is optimized with the Yoast SEO plugin v27.4 - https:\/\/yoast.com\/product\/yoast-seo-wordpress\/ -->\n<title>GRZEGORZ SIERZPUTOWSKI &#8212; Teatr Boto<\/title>\n<meta name=\"robots\" content=\"index, follow, max-snippet:-1, max-image-preview:large, max-video-preview:-1\" \/>\n<link rel=\"canonical\" href=\"https:\/\/boto.art.pl\/index.php\/grzegorz-sierzputowski\/\" \/>\n<meta property=\"og:locale\" content=\"pl_PL\" \/>\n<meta property=\"og:type\" content=\"article\" \/>\n<meta property=\"og:title\" content=\"GRZEGORZ SIERZPUTOWSKI &#8212; Teatr Boto\" \/>\n<meta property=\"og:description\" content=\"GRZEGORZ SIERZPUTOWSKI Grzegorz Sierzputowski - aktor teatralny i filmowy, teatrolog, re\u017cyser, animator kultury. Uko\u0144czy\u0142 Akademi\u0119 Teatraln\u0105 w Warszawie. Od 2015 roku jest prezesem Fundacji Teatru Trans-Atlantyk, kt\u00f3ry wsp\u00f3\u0142tworzy z aktork\u0105 Teatru Dramatycznego w Warszawie Mart\u0105 Kr\u00f3l i ameryka\u0144skim re\u017cyserem Paulem Bargetto. Spektakl \u201eAlbum Karla Hoeckera\u201d rozpocz\u0119ty w ramach rezydencji Sopot Non-Fiction by\u0142 pokazywany na najwi\u0119kszych [&hellip;]\" \/>\n<meta property=\"og:url\" content=\"https:\/\/boto.art.pl\/index.php\/grzegorz-sierzputowski\/\" \/>\n<meta property=\"og:site_name\" content=\"Teatr Boto\" \/>\n<meta property=\"article:publisher\" content=\"https:\/\/www.facebook.com\/teatrboto\" \/>\n<meta property=\"article:modified_time\" content=\"2020-11-03T11:05:31+00:00\" \/>\n<meta name=\"twitter:card\" content=\"summary_large_image\" \/>\n<meta name=\"twitter:label1\" content=\"Szacowany czas czytania\" \/>\n\t<meta name=\"twitter:data1\" content=\"2 minuty\" \/>\n<script type=\"application\/ld+json\" class=\"yoast-schema-graph\">{\"@context\":\"https:\\\/\\\/schema.org\",\"@graph\":[{\"@type\":\"WebPage\",\"@id\":\"https:\\\/\\\/boto.art.pl\\\/index.php\\\/grzegorz-sierzputowski\\\/\",\"url\":\"https:\\\/\\\/boto.art.pl\\\/index.php\\\/grzegorz-sierzputowski\\\/\",\"name\":\"GRZEGORZ SIERZPUTOWSKI &#8212; Teatr Boto\",\"isPartOf\":{\"@id\":\"https:\\\/\\\/boto.art.pl\\\/#website\"},\"datePublished\":\"2018-03-30T10:20:20+00:00\",\"dateModified\":\"2020-11-03T11:05:31+00:00\",\"breadcrumb\":{\"@id\":\"https:\\\/\\\/boto.art.pl\\\/index.php\\\/grzegorz-sierzputowski\\\/#breadcrumb\"},\"inLanguage\":\"pl-PL\",\"potentialAction\":[{\"@type\":\"ReadAction\",\"target\":[\"https:\\\/\\\/boto.art.pl\\\/index.php\\\/grzegorz-sierzputowski\\\/\"]}]},{\"@type\":\"BreadcrumbList\",\"@id\":\"https:\\\/\\\/boto.art.pl\\\/index.php\\\/grzegorz-sierzputowski\\\/#breadcrumb\",\"itemListElement\":[{\"@type\":\"ListItem\",\"position\":1,\"name\":\"Strona g\u0142\u00f3wna\",\"item\":\"https:\\\/\\\/boto.art.pl\\\/\"},{\"@type\":\"ListItem\",\"position\":2,\"name\":\"GRZEGORZ SIERZPUTOWSKI\"}]},{\"@type\":\"WebSite\",\"@id\":\"https:\\\/\\\/boto.art.pl\\\/#website\",\"url\":\"https:\\\/\\\/boto.art.pl\\\/\",\"name\":\"Teatr Boto\",\"description\":\"\",\"publisher\":{\"@id\":\"https:\\\/\\\/boto.art.pl\\\/#organization\"},\"potentialAction\":[{\"@type\":\"SearchAction\",\"target\":{\"@type\":\"EntryPoint\",\"urlTemplate\":\"https:\\\/\\\/boto.art.pl\\\/?s={search_term_string}\"},\"query-input\":{\"@type\":\"PropertyValueSpecification\",\"valueRequired\":true,\"valueName\":\"search_term_string\"}}],\"inLanguage\":\"pl-PL\"},{\"@type\":\"Organization\",\"@id\":\"https:\\\/\\\/boto.art.pl\\\/#organization\",\"name\":\"Teatr Boto\",\"url\":\"https:\\\/\\\/boto.art.pl\\\/\",\"logo\":{\"@type\":\"ImageObject\",\"inLanguage\":\"pl-PL\",\"@id\":\"https:\\\/\\\/boto.art.pl\\\/#\\\/schema\\\/logo\\\/image\\\/\",\"url\":\"https:\\\/\\\/boto.art.pl\\\/wp-content\\\/uploads\\\/2018\\\/03\\\/logotyp.svg\",\"contentUrl\":\"https:\\\/\\\/boto.art.pl\\\/wp-content\\\/uploads\\\/2018\\\/03\\\/logotyp.svg\",\"width\":1,\"height\":1,\"caption\":\"Teatr Boto\"},\"image\":{\"@id\":\"https:\\\/\\\/boto.art.pl\\\/#\\\/schema\\\/logo\\\/image\\\/\"},\"sameAs\":[\"https:\\\/\\\/www.facebook.com\\\/teatrboto\",\"https:\\\/\\\/www.instagram.com\\\/teatr_boto\\\/\"]}]}<\/script>\n<!-- \/ Yoast SEO plugin. -->","yoast_head_json":{"title":"GRZEGORZ SIERZPUTOWSKI &#8212; Teatr Boto","robots":{"index":"index","follow":"follow","max-snippet":"max-snippet:-1","max-image-preview":"max-image-preview:large","max-video-preview":"max-video-preview:-1"},"canonical":"https:\/\/boto.art.pl\/index.php\/grzegorz-sierzputowski\/","og_locale":"pl_PL","og_type":"article","og_title":"GRZEGORZ SIERZPUTOWSKI &#8212; Teatr Boto","og_description":"GRZEGORZ SIERZPUTOWSKI Grzegorz Sierzputowski - aktor teatralny i filmowy, teatrolog, re\u017cyser, animator kultury. Uko\u0144czy\u0142 Akademi\u0119 Teatraln\u0105 w Warszawie. Od 2015 roku jest prezesem Fundacji Teatru Trans-Atlantyk, kt\u00f3ry wsp\u00f3\u0142tworzy z aktork\u0105 Teatru Dramatycznego w Warszawie Mart\u0105 Kr\u00f3l i ameryka\u0144skim re\u017cyserem Paulem Bargetto. Spektakl \u201eAlbum Karla Hoeckera\u201d rozpocz\u0119ty w ramach rezydencji Sopot Non-Fiction by\u0142 pokazywany na najwi\u0119kszych [&hellip;]","og_url":"https:\/\/boto.art.pl\/index.php\/grzegorz-sierzputowski\/","og_site_name":"Teatr Boto","article_publisher":"https:\/\/www.facebook.com\/teatrboto","article_modified_time":"2020-11-03T11:05:31+00:00","twitter_card":"summary_large_image","twitter_misc":{"Szacowany czas czytania":"2 minuty"},"schema":{"@context":"https:\/\/schema.org","@graph":[{"@type":"WebPage","@id":"https:\/\/boto.art.pl\/index.php\/grzegorz-sierzputowski\/","url":"https:\/\/boto.art.pl\/index.php\/grzegorz-sierzputowski\/","name":"GRZEGORZ SIERZPUTOWSKI &#8212; Teatr Boto","isPartOf":{"@id":"https:\/\/boto.art.pl\/#website"},"datePublished":"2018-03-30T10:20:20+00:00","dateModified":"2020-11-03T11:05:31+00:00","breadcrumb":{"@id":"https:\/\/boto.art.pl\/index.php\/grzegorz-sierzputowski\/#breadcrumb"},"inLanguage":"pl-PL","potentialAction":[{"@type":"ReadAction","target":["https:\/\/boto.art.pl\/index.php\/grzegorz-sierzputowski\/"]}]},{"@type":"BreadcrumbList","@id":"https:\/\/boto.art.pl\/index.php\/grzegorz-sierzputowski\/#breadcrumb","itemListElement":[{"@type":"ListItem","position":1,"name":"Strona g\u0142\u00f3wna","item":"https:\/\/boto.art.pl\/"},{"@type":"ListItem","position":2,"name":"GRZEGORZ SIERZPUTOWSKI"}]},{"@type":"WebSite","@id":"https:\/\/boto.art.pl\/#website","url":"https:\/\/boto.art.pl\/","name":"Teatr Boto","description":"","publisher":{"@id":"https:\/\/boto.art.pl\/#organization"},"potentialAction":[{"@type":"SearchAction","target":{"@type":"EntryPoint","urlTemplate":"https:\/\/boto.art.pl\/?s={search_term_string}"},"query-input":{"@type":"PropertyValueSpecification","valueRequired":true,"valueName":"search_term_string"}}],"inLanguage":"pl-PL"},{"@type":"Organization","@id":"https:\/\/boto.art.pl\/#organization","name":"Teatr Boto","url":"https:\/\/boto.art.pl\/","logo":{"@type":"ImageObject","inLanguage":"pl-PL","@id":"https:\/\/boto.art.pl\/#\/schema\/logo\/image\/","url":"https:\/\/boto.art.pl\/wp-content\/uploads\/2018\/03\/logotyp.svg","contentUrl":"https:\/\/boto.art.pl\/wp-content\/uploads\/2018\/03\/logotyp.svg","width":1,"height":1,"caption":"Teatr Boto"},"image":{"@id":"https:\/\/boto.art.pl\/#\/schema\/logo\/image\/"},"sameAs":["https:\/\/www.facebook.com\/teatrboto","https:\/\/www.instagram.com\/teatr_boto\/"]}]}},"_links":{"self":[{"href":"https:\/\/boto.art.pl\/index.php\/wp-json\/wp\/v2\/pages\/49822","targetHints":{"allow":["GET"]}}],"collection":[{"href":"https:\/\/boto.art.pl\/index.php\/wp-json\/wp\/v2\/pages"}],"about":[{"href":"https:\/\/boto.art.pl\/index.php\/wp-json\/wp\/v2\/types\/page"}],"author":[{"embeddable":true,"href":"https:\/\/boto.art.pl\/index.php\/wp-json\/wp\/v2\/users\/1"}],"replies":[{"embeddable":true,"href":"https:\/\/boto.art.pl\/index.php\/wp-json\/wp\/v2\/comments?post=49822"}],"version-history":[{"count":6,"href":"https:\/\/boto.art.pl\/index.php\/wp-json\/wp\/v2\/pages\/49822\/revisions"}],"predecessor-version":[{"id":57923,"href":"https:\/\/boto.art.pl\/index.php\/wp-json\/wp\/v2\/pages\/49822\/revisions\/57923"}],"wp:attachment":[{"href":"https:\/\/boto.art.pl\/index.php\/wp-json\/wp\/v2\/media?parent=49822"}],"curies":[{"name":"wp","href":"https:\/\/api.w.org\/{rel}","templated":true}]}}