{"id":49824,"date":"2018-03-30T12:22:08","date_gmt":"2018-03-30T10:22:08","guid":{"rendered":"http:\/\/boto.home.pl\/boto_www\/?page_id=49824"},"modified":"2020-09-01T15:12:20","modified_gmt":"2020-09-01T13:12:20","slug":"magdalena-smuk","status":"publish","type":"page","link":"https:\/\/boto.art.pl\/index.php\/magdalena-smuk\/","title":{"rendered":"MAGDALENA SMUK"},"content":{"rendered":"<p>[et_pb_section bb_built=&#8221;1&#8243; _builder_version=&#8221;3.0.47&#8243;][et_pb_row _builder_version=&#8221;3.20.2&#8243; background_size=&#8221;initial&#8221; background_position=&#8221;top_left&#8221; background_repeat=&#8221;repeat&#8221;][et_pb_column type=&#8221;1_2&#8243;][et_pb_image src=&#8221;http:\/\/boto.art.pl\/wp-content\/uploads\/2019\/05\/magda-smuk.jpg&#8221; _builder_version=&#8221;3.20.2&#8243;]<\/p>\n<p>[\/et_pb_image][\/et_pb_column][et_pb_column type=&#8221;1_2&#8243;][et_pb_text _builder_version=&#8221;3.0.106&#8243; text_font=&#8221;|||on|||||&#8221; text_font_size=&#8221;32px&#8221;]<\/p>\n<p>MAGDALENA SMUK<\/p>\n<p>[\/et_pb_text][et_pb_text _builder_version=&#8221;3.20.2&#8243; link_text_color=&#8221;#000000&#8243; header_text_align=&#8221;left&#8221;]<\/p>\n<p><strong>Magdalena Smuk<\/strong> &#8211; aktorka, solistka, absolwentka Studium Wokalno-Aktorskiego im. D. Baduszkowej w Gdyni.<\/p>\n<p>W Teatrze BOTO mo\u017cna j\u0105 zobaczy\u0107 w spektaklu <a href=\"http:\/\/boto.art.pl\/index.php\/wrozka-z-kranu\/\">Wr\u00f3\u017cka z kranu<\/a> w re\u017c. <a href=\"http:\/\/boto.art.pl\/index.php\/michal-derlatka\/\">Micha\u0142a Derlatki<\/a>. W 2016 wyst\u0105pi\u0142a r\u00f3wnie\u017c w <a href=\"http:\/\/boto.art.pl\/index.php\/tango-3001\/\">TANGO 3001<\/a> w re\u017c. Giovanny Castellanos. Od 2017 tworzy w BOTO Festiwal o Polski.<\/p>\n<p>Wyst\u0119puje na scenie Teatru Muzycznego w Gdyni od 1994 r. Wyst\u0119puje na scenie Teatru Muzycznego w Gdyni od 1994 r. Mo\u017cna zobaczy\u0107 j\u0105 tam w spektaklach: \u201eLalka\u201d, \u201eSkrzypek na dachu\u201d, \u201eSzalone no\u017cyczki\u201d, &#8222;Avenue Q&#8221;, &#8222;Ch\u0142opi&#8221;, &#8222;Cud albo Krakowiaki i G\u00f3rale&#8221;, &#8222;Ghost&#8221;.<\/p>\n<p>Za rol\u0119 Roxi Hart w \u201eChicago\u201d otrzyma\u0142a najwy\u017csz\u0105 Nagrod\u0119 Jury II Festiwalu Teatr\u00f3w Muzycznych oraz Nagrod\u0119 Publiczno\u015bci Festiwalu dla najlepszej aktorki. W 2012 roku otrzyma\u0142a Nagrod\u0119 Teatraln\u0105 Prezydenta Miasta Gdyni za kreacj\u0119 aktorsk\u0105 w spektaklu \u201eTANGO NUEVO\u201d.<\/p>\n<p>[\/et_pb_text][\/et_pb_column][\/et_pb_row][\/et_pb_section]<\/p>\n","protected":false},"excerpt":{"rendered":"<p>MAGDALENA SMUK Magdalena Smuk &#8211; aktorka, solistka, absolwentka Studium Wokalno-Aktorskiego im. D. Baduszkowej w Gdyni.W Teatrze BOTO mo\u017cna j\u0105 zobaczy\u0107 w spektaklu Wr\u00f3\u017cka z kranu w re\u017c. Micha\u0142a Derlatki. W 2016 wyst\u0105pi\u0142a r\u00f3wnie\u017c w TANGO 3001 w re\u017c. Giovanny Castellanos. Od 2017 tworzy w BOTO Festiwal o Polski.Wyst\u0119puje na scenie Teatru Muzycznego w Gdyni od [&hellip;]<\/p>\n","protected":false},"author":1,"featured_media":0,"parent":0,"menu_order":0,"comment_status":"closed","ping_status":"closed","template":"","meta":{"_et_pb_use_builder":"on","_et_pb_old_content":"","_et_gb_content_width":"","inline_featured_image":false,"footnotes":""},"class_list":["post-49824","page","type-page","status-publish","hentry"],"yoast_head":"<!-- This site is optimized with the Yoast SEO plugin v27.4 - https:\/\/yoast.com\/product\/yoast-seo-wordpress\/ -->\n<title>MAGDALENA SMUK &#8212; Teatr Boto<\/title>\n<meta name=\"robots\" content=\"index, follow, max-snippet:-1, max-image-preview:large, max-video-preview:-1\" \/>\n<link rel=\"canonical\" href=\"https:\/\/boto.art.pl\/index.php\/magdalena-smuk\/\" \/>\n<meta property=\"og:locale\" content=\"pl_PL\" \/>\n<meta property=\"og:type\" content=\"article\" \/>\n<meta property=\"og:title\" content=\"MAGDALENA SMUK &#8212; Teatr Boto\" \/>\n<meta property=\"og:description\" content=\"MAGDALENA SMUK Magdalena Smuk - aktorka, solistka, absolwentka Studium Wokalno-Aktorskiego im. D. Baduszkowej w Gdyni.W Teatrze BOTO mo\u017cna j\u0105 zobaczy\u0107 w spektaklu Wr\u00f3\u017cka z kranu w re\u017c. Micha\u0142a Derlatki. W 2016 wyst\u0105pi\u0142a r\u00f3wnie\u017c w TANGO 3001 w re\u017c. Giovanny Castellanos. Od 2017 tworzy w BOTO Festiwal o Polski.Wyst\u0119puje na scenie Teatru Muzycznego w Gdyni od [&hellip;]\" \/>\n<meta property=\"og:url\" content=\"https:\/\/boto.art.pl\/index.php\/magdalena-smuk\/\" \/>\n<meta property=\"og:site_name\" content=\"Teatr Boto\" \/>\n<meta property=\"article:publisher\" content=\"https:\/\/www.facebook.com\/teatrboto\" \/>\n<meta property=\"article:modified_time\" content=\"2020-09-01T13:12:20+00:00\" \/>\n<meta name=\"twitter:card\" content=\"summary_large_image\" \/>\n<meta name=\"twitter:label1\" content=\"Szacowany czas czytania\" \/>\n\t<meta name=\"twitter:data1\" content=\"1 minuta\" \/>\n<script type=\"application\/ld+json\" class=\"yoast-schema-graph\">{\"@context\":\"https:\\\/\\\/schema.org\",\"@graph\":[{\"@type\":\"WebPage\",\"@id\":\"https:\\\/\\\/boto.art.pl\\\/index.php\\\/magdalena-smuk\\\/\",\"url\":\"https:\\\/\\\/boto.art.pl\\\/index.php\\\/magdalena-smuk\\\/\",\"name\":\"MAGDALENA SMUK &#8212; Teatr Boto\",\"isPartOf\":{\"@id\":\"https:\\\/\\\/boto.art.pl\\\/#website\"},\"datePublished\":\"2018-03-30T10:22:08+00:00\",\"dateModified\":\"2020-09-01T13:12:20+00:00\",\"breadcrumb\":{\"@id\":\"https:\\\/\\\/boto.art.pl\\\/index.php\\\/magdalena-smuk\\\/#breadcrumb\"},\"inLanguage\":\"pl-PL\",\"potentialAction\":[{\"@type\":\"ReadAction\",\"target\":[\"https:\\\/\\\/boto.art.pl\\\/index.php\\\/magdalena-smuk\\\/\"]}]},{\"@type\":\"BreadcrumbList\",\"@id\":\"https:\\\/\\\/boto.art.pl\\\/index.php\\\/magdalena-smuk\\\/#breadcrumb\",\"itemListElement\":[{\"@type\":\"ListItem\",\"position\":1,\"name\":\"Strona g\u0142\u00f3wna\",\"item\":\"https:\\\/\\\/boto.art.pl\\\/\"},{\"@type\":\"ListItem\",\"position\":2,\"name\":\"MAGDALENA SMUK\"}]},{\"@type\":\"WebSite\",\"@id\":\"https:\\\/\\\/boto.art.pl\\\/#website\",\"url\":\"https:\\\/\\\/boto.art.pl\\\/\",\"name\":\"Teatr Boto\",\"description\":\"\",\"publisher\":{\"@id\":\"https:\\\/\\\/boto.art.pl\\\/#organization\"},\"potentialAction\":[{\"@type\":\"SearchAction\",\"target\":{\"@type\":\"EntryPoint\",\"urlTemplate\":\"https:\\\/\\\/boto.art.pl\\\/?s={search_term_string}\"},\"query-input\":{\"@type\":\"PropertyValueSpecification\",\"valueRequired\":true,\"valueName\":\"search_term_string\"}}],\"inLanguage\":\"pl-PL\"},{\"@type\":\"Organization\",\"@id\":\"https:\\\/\\\/boto.art.pl\\\/#organization\",\"name\":\"Teatr Boto\",\"url\":\"https:\\\/\\\/boto.art.pl\\\/\",\"logo\":{\"@type\":\"ImageObject\",\"inLanguage\":\"pl-PL\",\"@id\":\"https:\\\/\\\/boto.art.pl\\\/#\\\/schema\\\/logo\\\/image\\\/\",\"url\":\"https:\\\/\\\/boto.art.pl\\\/wp-content\\\/uploads\\\/2018\\\/03\\\/logotyp.svg\",\"contentUrl\":\"https:\\\/\\\/boto.art.pl\\\/wp-content\\\/uploads\\\/2018\\\/03\\\/logotyp.svg\",\"width\":1,\"height\":1,\"caption\":\"Teatr Boto\"},\"image\":{\"@id\":\"https:\\\/\\\/boto.art.pl\\\/#\\\/schema\\\/logo\\\/image\\\/\"},\"sameAs\":[\"https:\\\/\\\/www.facebook.com\\\/teatrboto\",\"https:\\\/\\\/www.instagram.com\\\/teatr_boto\\\/\"]}]}<\/script>\n<!-- \/ Yoast SEO plugin. -->","yoast_head_json":{"title":"MAGDALENA SMUK &#8212; Teatr Boto","robots":{"index":"index","follow":"follow","max-snippet":"max-snippet:-1","max-image-preview":"max-image-preview:large","max-video-preview":"max-video-preview:-1"},"canonical":"https:\/\/boto.art.pl\/index.php\/magdalena-smuk\/","og_locale":"pl_PL","og_type":"article","og_title":"MAGDALENA SMUK &#8212; Teatr Boto","og_description":"MAGDALENA SMUK Magdalena Smuk - aktorka, solistka, absolwentka Studium Wokalno-Aktorskiego im. D. Baduszkowej w Gdyni.W Teatrze BOTO mo\u017cna j\u0105 zobaczy\u0107 w spektaklu Wr\u00f3\u017cka z kranu w re\u017c. Micha\u0142a Derlatki. W 2016 wyst\u0105pi\u0142a r\u00f3wnie\u017c w TANGO 3001 w re\u017c. Giovanny Castellanos. Od 2017 tworzy w BOTO Festiwal o Polski.Wyst\u0119puje na scenie Teatru Muzycznego w Gdyni od [&hellip;]","og_url":"https:\/\/boto.art.pl\/index.php\/magdalena-smuk\/","og_site_name":"Teatr Boto","article_publisher":"https:\/\/www.facebook.com\/teatrboto","article_modified_time":"2020-09-01T13:12:20+00:00","twitter_card":"summary_large_image","twitter_misc":{"Szacowany czas czytania":"1 minuta"},"schema":{"@context":"https:\/\/schema.org","@graph":[{"@type":"WebPage","@id":"https:\/\/boto.art.pl\/index.php\/magdalena-smuk\/","url":"https:\/\/boto.art.pl\/index.php\/magdalena-smuk\/","name":"MAGDALENA SMUK &#8212; Teatr Boto","isPartOf":{"@id":"https:\/\/boto.art.pl\/#website"},"datePublished":"2018-03-30T10:22:08+00:00","dateModified":"2020-09-01T13:12:20+00:00","breadcrumb":{"@id":"https:\/\/boto.art.pl\/index.php\/magdalena-smuk\/#breadcrumb"},"inLanguage":"pl-PL","potentialAction":[{"@type":"ReadAction","target":["https:\/\/boto.art.pl\/index.php\/magdalena-smuk\/"]}]},{"@type":"BreadcrumbList","@id":"https:\/\/boto.art.pl\/index.php\/magdalena-smuk\/#breadcrumb","itemListElement":[{"@type":"ListItem","position":1,"name":"Strona g\u0142\u00f3wna","item":"https:\/\/boto.art.pl\/"},{"@type":"ListItem","position":2,"name":"MAGDALENA SMUK"}]},{"@type":"WebSite","@id":"https:\/\/boto.art.pl\/#website","url":"https:\/\/boto.art.pl\/","name":"Teatr Boto","description":"","publisher":{"@id":"https:\/\/boto.art.pl\/#organization"},"potentialAction":[{"@type":"SearchAction","target":{"@type":"EntryPoint","urlTemplate":"https:\/\/boto.art.pl\/?s={search_term_string}"},"query-input":{"@type":"PropertyValueSpecification","valueRequired":true,"valueName":"search_term_string"}}],"inLanguage":"pl-PL"},{"@type":"Organization","@id":"https:\/\/boto.art.pl\/#organization","name":"Teatr Boto","url":"https:\/\/boto.art.pl\/","logo":{"@type":"ImageObject","inLanguage":"pl-PL","@id":"https:\/\/boto.art.pl\/#\/schema\/logo\/image\/","url":"https:\/\/boto.art.pl\/wp-content\/uploads\/2018\/03\/logotyp.svg","contentUrl":"https:\/\/boto.art.pl\/wp-content\/uploads\/2018\/03\/logotyp.svg","width":1,"height":1,"caption":"Teatr Boto"},"image":{"@id":"https:\/\/boto.art.pl\/#\/schema\/logo\/image\/"},"sameAs":["https:\/\/www.facebook.com\/teatrboto","https:\/\/www.instagram.com\/teatr_boto\/"]}]}},"_links":{"self":[{"href":"https:\/\/boto.art.pl\/index.php\/wp-json\/wp\/v2\/pages\/49824","targetHints":{"allow":["GET"]}}],"collection":[{"href":"https:\/\/boto.art.pl\/index.php\/wp-json\/wp\/v2\/pages"}],"about":[{"href":"https:\/\/boto.art.pl\/index.php\/wp-json\/wp\/v2\/types\/page"}],"author":[{"embeddable":true,"href":"https:\/\/boto.art.pl\/index.php\/wp-json\/wp\/v2\/users\/1"}],"replies":[{"embeddable":true,"href":"https:\/\/boto.art.pl\/index.php\/wp-json\/wp\/v2\/comments?post=49824"}],"version-history":[{"count":8,"href":"https:\/\/boto.art.pl\/index.php\/wp-json\/wp\/v2\/pages\/49824\/revisions"}],"predecessor-version":[{"id":57718,"href":"https:\/\/boto.art.pl\/index.php\/wp-json\/wp\/v2\/pages\/49824\/revisions\/57718"}],"wp:attachment":[{"href":"https:\/\/boto.art.pl\/index.php\/wp-json\/wp\/v2\/media?parent=49824"}],"curies":[{"name":"wp","href":"https:\/\/api.w.org\/{rel}","templated":true}]}}