{"id":49973,"date":"2018-04-16T12:20:21","date_gmt":"2018-04-16T10:20:21","guid":{"rendered":"http:\/\/boto.art.pl\/?page_id=49973"},"modified":"2018-04-16T12:36:38","modified_gmt":"2018-04-16T10:36:38","slug":"sopot-non-fiction-2015-info","status":"publish","type":"page","link":"https:\/\/boto.art.pl\/index.php\/sopot-non-fiction-2015-info\/","title":{"rendered":"sopot non fiction 2015 info"},"content":{"rendered":"<p>[et_pb_section fb_built=&#8221;1&#8243; fullwidth=&#8221;on&#8221; _builder_version=&#8221;3.0.106&#8243; custom_padding=&#8221;0px|0px|0|0px&#8221;][et_pb_fullwidth_menu menu_id=&#8221;25&#8243; submenu_direction=&#8221;downwards&#8221; fullwidth_menu=&#8221;off&#8221; _builder_version=&#8221;3.0.106&#8243; menu_font=&#8221;|600||on|||||&#8221; menu_font_size=&#8221;17px&#8221; background_color=&#8221;#29a9dd&#8221; background_layout=&#8221;dark&#8221;][\/et_pb_fullwidth_menu][\/et_pb_section][et_pb_section fb_built=&#8221;1&#8243; _builder_version=&#8221;3.0.106&#8243; background_image=&#8221;http:\/\/boto.art.pl\/wp-content\/uploads\/2018\/04\/non_duze_2015.jpg&#8221; custom_padding=&#8221;35px|0px|0|0px&#8221;][et_pb_row custom_padding=&#8221;3px|0px|27px|0px&#8221; _builder_version=&#8221;3.0.47&#8243; background_size=&#8221;initial&#8221; background_position=&#8221;top_left&#8221; background_repeat=&#8221;repeat&#8221;][et_pb_column type=&#8221;1_3&#8243; _builder_version=&#8221;3.0.47&#8243; parallax=&#8221;off&#8221; parallax_method=&#8221;on&#8221;][et_pb_text _builder_version=&#8221;3.0.106&#8243; text_font=&#8221;|700||on|||||&#8221; text_font_size=&#8221;33px&#8221; text_line_height=&#8221;1em&#8221;]SOPOT NON-FICTION 2015<br \/>\n[\/et_pb_text][et_pb_text _builder_version=&#8221;3.0.106&#8243; text_font=&#8221;||||||||&#8221;]Organizator: Fundacja Teatru BOTO<br \/>\nWsp\u00f3\u0142organizator: Teatr Wybrze\u017ce<br \/>\nKuratorzy: Adam Nalepa, Roman Paw\u0142owski<br \/>\nProjekt realizowany jest przy wsparciu Miasta Sopot<br \/>\n[\/et_pb_text][\/et_pb_column][et_pb_column type=&#8221;1_3&#8243; _builder_version=&#8221;3.0.47&#8243; parallax=&#8221;off&#8221; parallax_method=&#8221;on&#8221;][\/et_pb_column][et_pb_column type=&#8221;1_3&#8243; _builder_version=&#8221;3.0.47&#8243; parallax=&#8221;off&#8221; parallax_method=&#8221;on&#8221;][\/et_pb_column][\/et_pb_row][\/et_pb_section][et_pb_section fb_built=&#8221;1&#8243; _builder_version=&#8221;3.0.47&#8243; custom_padding=&#8221;30px|0px|54px|0px&#8221;][et_pb_row custom_padding=&#8221;0|0px|27px|0px&#8221; _builder_version=&#8221;3.0.47&#8243; background_size=&#8221;initial&#8221; background_position=&#8221;top_left&#8221; background_repeat=&#8221;repeat&#8221;][et_pb_column type=&#8221;2_3&#8243; _builder_version=&#8221;3.0.47&#8243; parallax=&#8221;off&#8221; parallax_method=&#8221;on&#8221;][et_pb_text _builder_version=&#8221;3.0.106&#8243;]<strong>Festiwal Teatru Dokumentalnego i Rezydencja Artystyczna Sopot Non-Fiction<\/strong> to jedyny w Polsce przegl\u0105d po\u015bwi\u0119cony teatrowi dokumentalnemu &#8211; jednemu z najciekawszych zjawisk wsp\u00f3\u0142czesnej kultury, kt\u00f3ry \u0142\u0105czy teatr, literatur\u0119 faktu i media. Wyj\u0105tkowo\u015b\u0107 tego wydarzenia polega na po\u0142\u0105czeniu formu\u0142y przegl\u0105du z warsztatami tw\u00f3rczymi dla m\u0142odych, utalentowanych re\u017cyser\u00f3w, dramatopisarzy i aktor\u00f3w, kt\u00f3rzy w czasie festiwalu pracuj\u0105 nad swoimi projektami dokumentalnych sztuk i spektakli aby na koniec m\u00f3c zaprezentowa\u0107 je w postaci pokaz\u00f3w otwartych tzw. \u201epracy w rozwoju\u201c. Zainicjowane w Sopocie projekty s\u0105 nast\u0119pnie realizowane w teatrach w ca\u0142ej Polsce a w roku nast\u0119pnym pokazywane m.in. na naszym festiwalu. Dotychczas powsta\u0142 m.in. spektakl Piotrka Ratajczaka \u201eNiewierni\u201d w \u0141a\u017ani Nowej w Krakowie, s\u0142uchowisko Wojtka Klemma i Micha\u0142a Pabiana \u201eAnonimowi \u017bydzi Polscy kt\u00f3rych ju\u017c nie ma\u201c w Teatrze Polskiego Radia, spektakl \u201eGor\u0105czka czerwcowej nocy\u201d Tomasza \u015apiewaka w re\u017c. Remigiusza Brzyka w Teatrze Nowym w Poznaniu oraz dwie produkcje, kt\u00f3re zaprezentujemy w tym roku.<\/p>\n<p>W ramach tegorocznej, 4 ju\u017c edycji Sopot Non-Fiction, pr\u00f3cz tygodniowej pracy warsztatowej 6 grup artyst\u00f3w z ca\u0142ej polski, zako\u0144czonej tzw. <strong>Maratonem Non-Fiction<\/strong> (4 i 5 wrze\u015bnia, Scena Kameralna Teatru Wybrze\u017ce), poka\u017cemy 3 spektakle teatralne. G\u0142\u00f3wnym wydarzeniem b\u0119dzie prapremiera <strong>\u201ePo co psu\u0107 i tak ju\u017c z\u0142\u0105 atmosfer\u0119\u201d<\/strong> w re\u017c. Aleksandry Jakubczak, do tekstu Krzysztofa Szekalskiego, wyprodukowana w ramach projektu Warszawa.doc. Koncept spektaklu powsta\u0142 w czasie Sopot Non-Fiction 2014, a jego g\u0142\u00f3wnym tematem jest sprawa Wojciecha Kroloppa i jego ch\u00f3ru \u201ePozna\u0144skich s\u0142owik\u00f3w\u201d (2 wrze\u015bnia, godz. 20:00, Scena Kameralna Teatru Wybrze\u017ce w Sopocie). Kolejn\u0105 produkcj\u0105, kt\u00f3ra sw\u00f3j pocz\u0105tek mia\u0142a na zesz\u0142orocznej edycji naszego projektu jest spektakl Ma\u0142gorzaty Sikorskiej-Miszczuk pt. <strong>&#8222;Album Karla H\u00f6ckera&#8221;<\/strong> w re\u017c. Paula Bargetto <strong>Teatru Trans-Atlantyk<\/strong> z Warszawy (4 wrze\u015bnia, godz. 21:00, Scena Kameralna Teatru Wybrze\u017ce w Sopocie). Jest to rzadko podejmowana pr\u00f3ba zbadania tragicznej historii obozu zag\u0142ady w Auschwitz z perspektywy oprawc\u00f3w. Ostatnim, cho\u0107 pierwszym w kalendarzu, pokazem jest produkcja Teatru BOTO wg tekstu Torstena Buchsteinera pt<strong>. \u201eNord-Ost\u201d<\/strong> w re\u017c. Adama Nalepy w wykonaniu aktorek zwi\u0105zanych zawodowo z Teatrem Wybrze\u017ce: Justyny Bartoszewicz, Magdaleny Bo\u0107 i Sylwii G\u00f3ry Weber. Jest to historia tragicznych wydarze\u0144 maj\u0105cych miejsce 2002 r., kiedy to czecze\u0144scy bojownicy opanowali moskiewski Teatr na Dubrowce i przez 57 godzin przetrzymywali pod broni\u0105 ponad 800 widz\u00f3w, opowiedziana z\u00a0perspektywy trzech kobiet: m\u0142odej Czeczenki &#8211; bojowniczki, tzw. &#8222;czarnej wdowy&#8221;, \u0142otewskiej lekarki z karetki pogotowia stacjonuj\u0105cej przy teatrze i mieszkanki Moskwy, kt\u00f3ra wraz z m\u0119\u017cem i c\u00f3rk\u0105 wybra\u0142a si\u0119 tego feralnego wieczoru na spektakl. W ramach Sopot Non-Fiction 2015 poka\u017cemy r\u00f3wnie\u017c interaktywn\u0105 videoinstalacj\u0119 pt. <strong>\u201eFear in Ukraine\u201d<\/strong> niemieckiego artysty <strong>Georga Genoux<\/strong>, na kt\u00f3r\u0105 sk\u0142adaj\u0105 si\u0119 m.in. wywiady z obywatelami Ukrainy ukazuj\u0105ce dramat \u017cycia w pa\u0144stwie naszych wschodnich s\u0105siad\u00f3w.<br \/>\n[\/et_pb_text][\/et_pb_column][et_pb_column type=&#8221;1_3&#8243; _builder_version=&#8221;3.0.47&#8243; parallax=&#8221;off&#8221; parallax_method=&#8221;on&#8221;][\/et_pb_column][\/et_pb_row][\/et_pb_section]<\/p>\n","protected":false},"excerpt":{"rendered":"<p>SOPOT NON-FICTION 2015 Organizator: Fundacja Teatru BOTO Wsp\u00f3\u0142organizator: Teatr Wybrze\u017ce Kuratorzy: Adam Nalepa, Roman Paw\u0142owski Projekt realizowany jest przy wsparciu Miasta Sopot Festiwal Teatru Dokumentalnego i Rezydencja Artystyczna Sopot Non-Fiction to jedyny w Polsce przegl\u0105d po\u015bwi\u0119cony teatrowi dokumentalnemu &#8211; jednemu z najciekawszych zjawisk wsp\u00f3\u0142czesnej kultury, kt\u00f3ry \u0142\u0105czy teatr, literatur\u0119 faktu i media. Wyj\u0105tkowo\u015b\u0107 tego wydarzenia [&hellip;]<\/p>\n","protected":false},"author":1,"featured_media":0,"parent":0,"menu_order":0,"comment_status":"closed","ping_status":"closed","template":"","meta":{"_et_pb_use_builder":"on","_et_pb_old_content":"","_et_gb_content_width":"","inline_featured_image":false,"footnotes":""},"class_list":["post-49973","page","type-page","status-publish","hentry"],"yoast_head":"<!-- This site is optimized with the Yoast SEO plugin v27.4 - https:\/\/yoast.com\/product\/yoast-seo-wordpress\/ -->\n<title>sopot non fiction 2015 info &#8212; Teatr Boto<\/title>\n<meta name=\"robots\" content=\"index, follow, max-snippet:-1, max-image-preview:large, max-video-preview:-1\" \/>\n<link rel=\"canonical\" href=\"https:\/\/boto.art.pl\/index.php\/sopot-non-fiction-2015-info\/\" \/>\n<meta property=\"og:locale\" content=\"pl_PL\" \/>\n<meta property=\"og:type\" content=\"article\" \/>\n<meta property=\"og:title\" content=\"sopot non fiction 2015 info &#8212; Teatr Boto\" \/>\n<meta property=\"og:description\" content=\"SOPOT NON-FICTION 2015 Organizator: Fundacja Teatru BOTO Wsp\u00f3\u0142organizator: Teatr Wybrze\u017ce Kuratorzy: Adam Nalepa, Roman Paw\u0142owski Projekt realizowany jest przy wsparciu Miasta Sopot Festiwal Teatru Dokumentalnego i Rezydencja Artystyczna Sopot Non-Fiction to jedyny w Polsce przegl\u0105d po\u015bwi\u0119cony teatrowi dokumentalnemu - jednemu z najciekawszych zjawisk wsp\u00f3\u0142czesnej kultury, kt\u00f3ry \u0142\u0105czy teatr, literatur\u0119 faktu i media. Wyj\u0105tkowo\u015b\u0107 tego wydarzenia [&hellip;]\" \/>\n<meta property=\"og:url\" content=\"https:\/\/boto.art.pl\/index.php\/sopot-non-fiction-2015-info\/\" \/>\n<meta property=\"og:site_name\" content=\"Teatr Boto\" \/>\n<meta property=\"article:publisher\" content=\"https:\/\/www.facebook.com\/teatrboto\" \/>\n<meta property=\"article:modified_time\" content=\"2018-04-16T10:36:38+00:00\" \/>\n<meta name=\"twitter:card\" content=\"summary_large_image\" \/>\n<meta name=\"twitter:label1\" content=\"Szacowany czas czytania\" \/>\n\t<meta name=\"twitter:data1\" content=\"4 minuty\" \/>\n<script type=\"application\/ld+json\" class=\"yoast-schema-graph\">{\"@context\":\"https:\\\/\\\/schema.org\",\"@graph\":[{\"@type\":\"WebPage\",\"@id\":\"https:\\\/\\\/boto.art.pl\\\/index.php\\\/sopot-non-fiction-2015-info\\\/\",\"url\":\"https:\\\/\\\/boto.art.pl\\\/index.php\\\/sopot-non-fiction-2015-info\\\/\",\"name\":\"sopot non fiction 2015 info &#8212; Teatr Boto\",\"isPartOf\":{\"@id\":\"https:\\\/\\\/boto.art.pl\\\/#website\"},\"datePublished\":\"2018-04-16T10:20:21+00:00\",\"dateModified\":\"2018-04-16T10:36:38+00:00\",\"breadcrumb\":{\"@id\":\"https:\\\/\\\/boto.art.pl\\\/index.php\\\/sopot-non-fiction-2015-info\\\/#breadcrumb\"},\"inLanguage\":\"pl-PL\",\"potentialAction\":[{\"@type\":\"ReadAction\",\"target\":[\"https:\\\/\\\/boto.art.pl\\\/index.php\\\/sopot-non-fiction-2015-info\\\/\"]}]},{\"@type\":\"BreadcrumbList\",\"@id\":\"https:\\\/\\\/boto.art.pl\\\/index.php\\\/sopot-non-fiction-2015-info\\\/#breadcrumb\",\"itemListElement\":[{\"@type\":\"ListItem\",\"position\":1,\"name\":\"Strona g\u0142\u00f3wna\",\"item\":\"https:\\\/\\\/boto.art.pl\\\/\"},{\"@type\":\"ListItem\",\"position\":2,\"name\":\"sopot non fiction 2015 info\"}]},{\"@type\":\"WebSite\",\"@id\":\"https:\\\/\\\/boto.art.pl\\\/#website\",\"url\":\"https:\\\/\\\/boto.art.pl\\\/\",\"name\":\"Teatr Boto\",\"description\":\"\",\"publisher\":{\"@id\":\"https:\\\/\\\/boto.art.pl\\\/#organization\"},\"potentialAction\":[{\"@type\":\"SearchAction\",\"target\":{\"@type\":\"EntryPoint\",\"urlTemplate\":\"https:\\\/\\\/boto.art.pl\\\/?s={search_term_string}\"},\"query-input\":{\"@type\":\"PropertyValueSpecification\",\"valueRequired\":true,\"valueName\":\"search_term_string\"}}],\"inLanguage\":\"pl-PL\"},{\"@type\":\"Organization\",\"@id\":\"https:\\\/\\\/boto.art.pl\\\/#organization\",\"name\":\"Teatr Boto\",\"url\":\"https:\\\/\\\/boto.art.pl\\\/\",\"logo\":{\"@type\":\"ImageObject\",\"inLanguage\":\"pl-PL\",\"@id\":\"https:\\\/\\\/boto.art.pl\\\/#\\\/schema\\\/logo\\\/image\\\/\",\"url\":\"https:\\\/\\\/boto.art.pl\\\/wp-content\\\/uploads\\\/2018\\\/03\\\/logotyp.svg\",\"contentUrl\":\"https:\\\/\\\/boto.art.pl\\\/wp-content\\\/uploads\\\/2018\\\/03\\\/logotyp.svg\",\"width\":1,\"height\":1,\"caption\":\"Teatr Boto\"},\"image\":{\"@id\":\"https:\\\/\\\/boto.art.pl\\\/#\\\/schema\\\/logo\\\/image\\\/\"},\"sameAs\":[\"https:\\\/\\\/www.facebook.com\\\/teatrboto\",\"https:\\\/\\\/www.instagram.com\\\/teatr_boto\\\/\"]}]}<\/script>\n<!-- \/ Yoast SEO plugin. -->","yoast_head_json":{"title":"sopot non fiction 2015 info &#8212; Teatr Boto","robots":{"index":"index","follow":"follow","max-snippet":"max-snippet:-1","max-image-preview":"max-image-preview:large","max-video-preview":"max-video-preview:-1"},"canonical":"https:\/\/boto.art.pl\/index.php\/sopot-non-fiction-2015-info\/","og_locale":"pl_PL","og_type":"article","og_title":"sopot non fiction 2015 info &#8212; Teatr Boto","og_description":"SOPOT NON-FICTION 2015 Organizator: Fundacja Teatru BOTO Wsp\u00f3\u0142organizator: Teatr Wybrze\u017ce Kuratorzy: Adam Nalepa, Roman Paw\u0142owski Projekt realizowany jest przy wsparciu Miasta Sopot Festiwal Teatru Dokumentalnego i Rezydencja Artystyczna Sopot Non-Fiction to jedyny w Polsce przegl\u0105d po\u015bwi\u0119cony teatrowi dokumentalnemu - jednemu z najciekawszych zjawisk wsp\u00f3\u0142czesnej kultury, kt\u00f3ry \u0142\u0105czy teatr, literatur\u0119 faktu i media. Wyj\u0105tkowo\u015b\u0107 tego wydarzenia [&hellip;]","og_url":"https:\/\/boto.art.pl\/index.php\/sopot-non-fiction-2015-info\/","og_site_name":"Teatr Boto","article_publisher":"https:\/\/www.facebook.com\/teatrboto","article_modified_time":"2018-04-16T10:36:38+00:00","twitter_card":"summary_large_image","twitter_misc":{"Szacowany czas czytania":"4 minuty"},"schema":{"@context":"https:\/\/schema.org","@graph":[{"@type":"WebPage","@id":"https:\/\/boto.art.pl\/index.php\/sopot-non-fiction-2015-info\/","url":"https:\/\/boto.art.pl\/index.php\/sopot-non-fiction-2015-info\/","name":"sopot non fiction 2015 info &#8212; Teatr Boto","isPartOf":{"@id":"https:\/\/boto.art.pl\/#website"},"datePublished":"2018-04-16T10:20:21+00:00","dateModified":"2018-04-16T10:36:38+00:00","breadcrumb":{"@id":"https:\/\/boto.art.pl\/index.php\/sopot-non-fiction-2015-info\/#breadcrumb"},"inLanguage":"pl-PL","potentialAction":[{"@type":"ReadAction","target":["https:\/\/boto.art.pl\/index.php\/sopot-non-fiction-2015-info\/"]}]},{"@type":"BreadcrumbList","@id":"https:\/\/boto.art.pl\/index.php\/sopot-non-fiction-2015-info\/#breadcrumb","itemListElement":[{"@type":"ListItem","position":1,"name":"Strona g\u0142\u00f3wna","item":"https:\/\/boto.art.pl\/"},{"@type":"ListItem","position":2,"name":"sopot non fiction 2015 info"}]},{"@type":"WebSite","@id":"https:\/\/boto.art.pl\/#website","url":"https:\/\/boto.art.pl\/","name":"Teatr Boto","description":"","publisher":{"@id":"https:\/\/boto.art.pl\/#organization"},"potentialAction":[{"@type":"SearchAction","target":{"@type":"EntryPoint","urlTemplate":"https:\/\/boto.art.pl\/?s={search_term_string}"},"query-input":{"@type":"PropertyValueSpecification","valueRequired":true,"valueName":"search_term_string"}}],"inLanguage":"pl-PL"},{"@type":"Organization","@id":"https:\/\/boto.art.pl\/#organization","name":"Teatr Boto","url":"https:\/\/boto.art.pl\/","logo":{"@type":"ImageObject","inLanguage":"pl-PL","@id":"https:\/\/boto.art.pl\/#\/schema\/logo\/image\/","url":"https:\/\/boto.art.pl\/wp-content\/uploads\/2018\/03\/logotyp.svg","contentUrl":"https:\/\/boto.art.pl\/wp-content\/uploads\/2018\/03\/logotyp.svg","width":1,"height":1,"caption":"Teatr Boto"},"image":{"@id":"https:\/\/boto.art.pl\/#\/schema\/logo\/image\/"},"sameAs":["https:\/\/www.facebook.com\/teatrboto","https:\/\/www.instagram.com\/teatr_boto\/"]}]}},"_links":{"self":[{"href":"https:\/\/boto.art.pl\/index.php\/wp-json\/wp\/v2\/pages\/49973","targetHints":{"allow":["GET"]}}],"collection":[{"href":"https:\/\/boto.art.pl\/index.php\/wp-json\/wp\/v2\/pages"}],"about":[{"href":"https:\/\/boto.art.pl\/index.php\/wp-json\/wp\/v2\/types\/page"}],"author":[{"embeddable":true,"href":"https:\/\/boto.art.pl\/index.php\/wp-json\/wp\/v2\/users\/1"}],"replies":[{"embeddable":true,"href":"https:\/\/boto.art.pl\/index.php\/wp-json\/wp\/v2\/comments?post=49973"}],"version-history":[{"count":7,"href":"https:\/\/boto.art.pl\/index.php\/wp-json\/wp\/v2\/pages\/49973\/revisions"}],"predecessor-version":[{"id":49992,"href":"https:\/\/boto.art.pl\/index.php\/wp-json\/wp\/v2\/pages\/49973\/revisions\/49992"}],"wp:attachment":[{"href":"https:\/\/boto.art.pl\/index.php\/wp-json\/wp\/v2\/media?parent=49973"}],"curies":[{"name":"wp","href":"https:\/\/api.w.org\/{rel}","templated":true}]}}