{"id":62047,"date":"2022-05-04T19:31:00","date_gmt":"2022-05-04T17:31:00","guid":{"rendered":"https:\/\/boto.art.pl\/?page_id=62047"},"modified":"2023-08-07T18:58:09","modified_gmt":"2023-08-07T16:58:09","slug":"sopot-non-fiction-2022-info","status":"publish","type":"page","link":"https:\/\/boto.art.pl\/index.php\/sopot-non-fiction-2022-info\/","title":{"rendered":"sopot non fiction 2022 info"},"content":{"rendered":"<p>[et_pb_section fb_built=&#8221;1&#8243; fullwidth=&#8221;on&#8221; _builder_version=&#8221;4.16&#8243; custom_padding=&#8221;0px|0px|0|0px&#8221; global_colors_info=&#8221;{}&#8221;][et_pb_fullwidth_menu menu_id=&#8221;25&#8243; submenu_direction=&#8221;downwards&#8221; fullwidth_menu=&#8221;off&#8221; _builder_version=&#8221;4.16&#8243; menu_font=&#8221;|600||on|||||&#8221; menu_font_size=&#8221;17px&#8221; background_color=&#8221;#29a9dd&#8221; background_layout=&#8221;dark&#8221; global_colors_info=&#8221;{}&#8221;][\/et_pb_fullwidth_menu][\/et_pb_section][et_pb_section fb_built=&#8221;1&#8243; _builder_version=&#8221;4.16.0&#8243; background_enable_image=&#8221;off&#8221; custom_padding=&#8221;35px|0px|0|0px&#8221; global_colors_info=&#8221;{}&#8221;][et_pb_row column_structure=&#8221;1_2,1_2&#8243; _builder_version=&#8221;4.16&#8243; background_size=&#8221;initial&#8221; background_position=&#8221;top_left&#8221; background_repeat=&#8221;repeat&#8221; custom_padding=&#8221;3px|0px|27px|0px&#8221; global_colors_info=&#8221;{}&#8221;][et_pb_column type=&#8221;1_2&#8243; _builder_version=&#8221;4.16&#8243; custom_padding=&#8221;|||&#8221; global_colors_info=&#8221;{}&#8221; custom_padding__hover=&#8221;|||&#8221;][et_pb_text _builder_version=&#8221;4.17.4&#8243; text_font=&#8221;|700||on|||||&#8221; text_font_size=&#8221;33px&#8221; text_line_height=&#8221;1em&#8221; global_colors_info=&#8221;{}&#8221;]<\/p>\n<p>SOPOT NON-FICTION 2022<\/p>\n<p>[\/et_pb_text][et_pb_text _builder_version=&#8221;4.17.4&#8243; text_font=&#8221;||||||||&#8221; global_colors_info=&#8221;{}&#8221;]<\/p>\n<p>Organizator:\u00a0<strong>Fundacja Teatru BOTO<\/strong><br \/>Wsp\u00f3\u0142organizator:\u00a0<strong>Teatr Wybrze\u017ce<\/strong><br \/>Kuratorzy:\u00a0<strong>Adam Nalepa, Roman Paw\u0142owski, Adam Orzechowski<\/strong><br \/>Partnerzy:\u00a0<strong><a href=\"https:\/\/www.victus-sopot.pl\/\">Victus Apartamenty<\/a>,\u00a0<a href=\"https:\/\/www.ckusopot.pl\/\">Centrum Kszta\u0142cenia Ustawicznego w Sopocie,\u00a0<\/a><a href=\"http:\/\/wolontariat.sopot.pl\/\">\u00a0Wolontariat Aktywni w Sopocie<\/a><\/strong><br \/>Patroni medialni:\u00a0<strong><a href=\"https:\/\/teatralny.pl\/\">teatralny.pl<\/a>,<a href=\"https:\/\/e-teatr.pl\/\">\u00a0e-teatr.pl<\/a>,\u00a0<a href=\"https:\/\/kultura.trojmiasto.pl\/10-Festiwal-Teatru-Dokumentalnego-i-Rezydencji-Artystycznej-Sopot-Non-Fiction-2021-imp506228.html\">Trojmiasto.pl<\/a>,\u00a0<a href=\"https:\/\/dziennikbaltycki.pl\/\">Dziennik Ba\u0142tycki<\/a>,\u00a0<a href=\"http:\/\/prestiztrojmiasto.pl\/\">Presti\u017c Magazyn Tr\u00f3jmiejski<\/a><\/strong><\/p>\n<p><strong><em>Projekt zrealizowany ze \u015brodk\u00f3w Miasta Sopot<\/em><\/strong><\/p>\n<p>[\/et_pb_text][\/et_pb_column][et_pb_column type=&#8221;1_2&#8243; _builder_version=&#8221;4.16&#8243; custom_padding=&#8221;|||&#8221; global_colors_info=&#8221;{}&#8221; custom_padding__hover=&#8221;|||&#8221;][et_pb_image src=&#8221;https:\/\/boto.art.pl\/wp-content\/uploads\/2022\/05\/SNF-scaled-1.jpg&#8221; title_text=&#8221;SNF2022&#8243; _builder_version=&#8221;4.17.4&#8243; _module_preset=&#8221;default&#8221; global_colors_info=&#8221;{}&#8221;][\/et_pb_image][\/et_pb_column][\/et_pb_row][\/et_pb_section][et_pb_section fb_built=&#8221;1&#8243; _builder_version=&#8221;4.16&#8243; custom_padding=&#8221;30px|0px|54px|0px&#8221; global_colors_info=&#8221;{}&#8221;][et_pb_row column_structure=&#8221;3_4,1_4&#8243; _builder_version=&#8221;4.16&#8243; background_size=&#8221;initial&#8221; background_position=&#8221;top_left&#8221; background_repeat=&#8221;repeat&#8221; custom_padding=&#8221;0|0px|27px|0px&#8221; global_colors_info=&#8221;{}&#8221;][et_pb_column type=&#8221;3_4&#8243; _builder_version=&#8221;4.16&#8243; custom_padding=&#8221;|||&#8221; global_colors_info=&#8221;{}&#8221; custom_padding__hover=&#8221;|||&#8221;][et_pb_divider _builder_version=&#8221;4.16.0&#8243; _module_preset=&#8221;default&#8221; global_colors_info=&#8221;{}&#8221;][\/et_pb_divider][et_pb_text _builder_version=&#8221;4.17.4&#8243; global_colors_info=&#8221;{}&#8221;]<\/p>\n<p><em><strong>Festiwal Teatru Dokumentalnego i Rezydencja Artystyczna Sopot Non-Fiction to pierwszy w Polsce przegl\u0105d po\u015bwi\u0119cony teatrowi faktu.<br \/><\/strong><\/em><em><strong>Jego formu\u0142a to zestawienie Festiwalu z warsztatami tw\u00f3rczymi dla m\u0142odych re\u017cyser\u00f3w, dramatopisarzy i aktor\u00f3w, kt\u00f3rzy podczas tygodniowej rezydencji artystycznej pracuj\u0105 nad swoimi projektami dokumentalnych sztuk i spektakli. Na koniec prezentuj\u0105 efekty w postaci &#8222;pracy w rozwoju&#8221; podczas otwartego Maratonu Non-Fiction. Publiczno\u015b\u0107 uczestniczy w procesie tw\u00f3rczym: bierze udzia\u0142 w prezentacjach i dyskusjach z tw\u00f3rcami oraz zaproszonymi ekspertami. <br \/><\/strong><\/em><em><strong>Na pokazy Maratonu Non-Fiction zapraszani s\u0105 r\u00f3wnie\u017c kuratorzy i przedstawiciele teatr\u00f3w. Ma to na celu umo\u017cliwienie dalszej realizacji spektakli, zapocz\u0105tkowanych podczas pracy warsztatowej oraz ich prezentacj\u0119 podczas kolejnych edycji Festiwalu.<\/strong><\/em><\/p>\n<p>[\/et_pb_text][et_pb_divider _builder_version=&#8221;4.17.4&#8243; _module_preset=&#8221;default&#8221; global_colors_info=&#8221;{}&#8221;][\/et_pb_divider][\/et_pb_column][et_pb_column type=&#8221;1_4&#8243; _builder_version=&#8221;4.16&#8243; custom_padding=&#8221;|||&#8221; global_colors_info=&#8221;{}&#8221; custom_padding__hover=&#8221;|||&#8221;][et_pb_gallery gallery_ids=&#8221;62589&#8243; fullwidth=&#8221;on&#8221; _builder_version=&#8221;4.17.4&#8243; _module_preset=&#8221;default&#8221; global_colors_info=&#8221;{}&#8221;][\/et_pb_gallery][\/et_pb_column][\/et_pb_row][et_pb_row column_structure=&#8221;1_4,1_4,1_4,1_4&#8243; _builder_version=&#8221;4.17.6&#8243; _module_preset=&#8221;default&#8221; global_colors_info=&#8221;{}&#8221;][et_pb_column type=&#8221;1_4&#8243; _builder_version=&#8221;4.17.6&#8243; _module_preset=&#8221;default&#8221; global_colors_info=&#8221;{}&#8221;][et_pb_button button_url=&#8221;https:\/\/boto.art.pl\/index.php\/sopot-non-fiction-program-2022\/&#8221; button_text=&#8221;PROGRAM FESTIWALU&#8221; admin_label=&#8221;Przycisk&#8221; _builder_version=&#8221;4.21.0&#8243; _module_preset=&#8221;default&#8221; hover_enabled=&#8221;0&#8243; global_colors_info=&#8221;{}&#8221; sticky_enabled=&#8221;0&#8243;][\/et_pb_button][\/et_pb_column][et_pb_column type=&#8221;1_4&#8243; _builder_version=&#8221;4.17.6&#8243; _module_preset=&#8221;default&#8221; global_colors_info=&#8221;{}&#8221;][et_pb_button button_url=&#8221;https:\/\/boto.art.pl\/index.php\/sopot-non-fiction-rezydencje-2022\/&#8221; button_text=&#8221;REZYDENCI&#8221; admin_label=&#8221;Przycisk&#8221; _builder_version=&#8221;4.17.6&#8243; _module_preset=&#8221;default&#8221; global_colors_info=&#8221;{}&#8221;][\/et_pb_button][\/et_pb_column][et_pb_column type=&#8221;1_4&#8243; _builder_version=&#8221;4.17.6&#8243; _module_preset=&#8221;default&#8221; global_colors_info=&#8221;{}&#8221;][\/et_pb_column][et_pb_column type=&#8221;1_4&#8243; _builder_version=&#8221;4.17.6&#8243; _module_preset=&#8221;default&#8221; global_colors_info=&#8221;{}&#8221;][\/et_pb_column][\/et_pb_row][et_pb_row column_structure=&#8221;3_4,1_4&#8243; _builder_version=&#8221;4.17.6&#8243; _module_preset=&#8221;default&#8221; global_colors_info=&#8221;{}&#8221;][et_pb_column type=&#8221;3_4&#8243; _builder_version=&#8221;4.17.6&#8243; _module_preset=&#8221;default&#8221; global_colors_info=&#8221;{}&#8221;][et_pb_divider _builder_version=&#8221;4.17.4&#8243; _module_preset=&#8221;default&#8221; global_colors_info=&#8221;{}&#8221;][\/et_pb_divider][et_pb_text _builder_version=&#8221;4.17.4&#8243; _module_preset=&#8221;default&#8221; global_colors_info=&#8221;{}&#8221;]<\/p>\n<p>W tym roku Festiwal Teatru Dokumentalnego i Rezydencja Artystyczna Sopot Non-Fiction odb\u0119dzie si\u0119 ju\u017c po raz jedenasty, tak jak w zesz\u0142ym roku \u2013 w formie stacjonarnej.<\/p>\n<p>Podczas rezydencji artystycznej re\u017cyserzy, dramaturdzy i aktorzy pracuj\u0105 nad projektami teatralnymi do kt\u00f3rych baz\u0105 s\u0105 reporta\u017ce, wywiady, artyku\u0142y prasowe i inne materia\u0142y dokumentalne. Ich dzia\u0142ania ko\u0144czy Maraton Non-Fiction \u2013 dwudniowy, otwarty dla publiczno\u015bci, pokaz pracy warsztatowej. W tegorocznej rezydencji we\u017amie udzia\u0142 kilkudziesi\u0119ciu tw\u00f3rc\u00f3w, a pokazy odb\u0119d\u0105 si\u0119 na Scenie Kameralnej Teatru Wybrze\u017ce.<\/p>\n<p>Sopot Non-Fiction to r\u00f3wnie\u017c prezentacje spektakli, kt\u00f3re powsta\u0142y jako efekt poprzednich edycji Festiwalu oraz przedstawie\u0144 autonomicznych, reprezentuj\u0105cych nurt teatru dokumentalnego. W tym roku dodatkowym urozmaiceniem Festiwalu b\u0119d\u0105 panele dyskusyjne z publiczno\u015bci\u0105. Zaproszeni go\u015bcie to osoby zwi\u0105zane z ide\u0105 Festiwalu, jego kolejnymi edycjami oraz spektaklami, kt\u00f3re zosta\u0142y zapocz\u0105tkowane w\u0142a\u015bnie w trakcie rezydencji.<\/p>\n<p>[\/et_pb_text][\/et_pb_column][et_pb_column type=&#8221;1_4&#8243; _builder_version=&#8221;4.17.6&#8243; _module_preset=&#8221;default&#8221; global_colors_info=&#8221;{}&#8221;][et_pb_gallery gallery_ids=&#8221;62655&#8243; fullwidth=&#8221;on&#8221; admin_label=&#8221;Galeria&#8221; _builder_version=&#8221;4.17.6&#8243; _module_preset=&#8221;default&#8221; global_colors_info=&#8221;{}&#8221;][\/et_pb_gallery][\/et_pb_column][\/et_pb_row][\/et_pb_section]<\/p>\n","protected":false},"excerpt":{"rendered":"<p>SOPOT NON-FICTION 2022Organizator:\u00a0Fundacja Teatru BOTOWsp\u00f3\u0142organizator:\u00a0Teatr Wybrze\u017ceKuratorzy:\u00a0Adam Nalepa, Roman Paw\u0142owski, Adam OrzechowskiPartnerzy:\u00a0Victus Apartamenty,\u00a0Centrum Kszta\u0142cenia Ustawicznego w Sopocie,\u00a0\u00a0Wolontariat Aktywni w SopociePatroni medialni:\u00a0teatralny.pl,\u00a0e-teatr.pl,\u00a0Trojmiasto.pl,\u00a0Dziennik Ba\u0142tycki,\u00a0Presti\u017c Magazyn Tr\u00f3jmiejski Projekt zrealizowany ze \u015brodk\u00f3w Miasta SopotFestiwal Teatru Dokumentalnego i Rezydencja Artystyczna Sopot Non-Fiction to pierwszy w Polsce przegl\u0105d po\u015bwi\u0119cony teatrowi faktu.Jego formu\u0142a to zestawienie Festiwalu z warsztatami tw\u00f3rczymi dla m\u0142odych re\u017cyser\u00f3w, dramatopisarzy [&hellip;]<\/p>\n","protected":false},"author":2,"featured_media":62050,"parent":0,"menu_order":0,"comment_status":"closed","ping_status":"closed","template":"","meta":{"_et_pb_use_builder":"on","_et_pb_old_content":"","_et_gb_content_width":"","inline_featured_image":false,"footnotes":""},"class_list":["post-62047","page","type-page","status-publish","has-post-thumbnail","hentry"],"yoast_head":"<!-- This site is optimized with the Yoast SEO plugin v27.4 - https:\/\/yoast.com\/product\/yoast-seo-wordpress\/ -->\n<title>sopot non fiction 2022 info &#8212; Teatr Boto<\/title>\n<meta name=\"robots\" content=\"index, follow, max-snippet:-1, max-image-preview:large, max-video-preview:-1\" \/>\n<link rel=\"canonical\" href=\"https:\/\/boto.art.pl\/index.php\/sopot-non-fiction-2022-info\/\" \/>\n<meta property=\"og:locale\" content=\"pl_PL\" \/>\n<meta property=\"og:type\" content=\"article\" \/>\n<meta property=\"og:title\" content=\"sopot non fiction 2022 info &#8212; Teatr Boto\" \/>\n<meta property=\"og:description\" content=\"SOPOT NON-FICTION 2022Organizator:\u00a0Fundacja Teatru BOTOWsp\u00f3\u0142organizator:\u00a0Teatr Wybrze\u017ceKuratorzy:\u00a0Adam Nalepa, Roman Paw\u0142owski, Adam OrzechowskiPartnerzy:\u00a0Victus Apartamenty,\u00a0Centrum Kszta\u0142cenia Ustawicznego w Sopocie,\u00a0\u00a0Wolontariat Aktywni w SopociePatroni medialni:\u00a0teatralny.pl,\u00a0e-teatr.pl,\u00a0Trojmiasto.pl,\u00a0Dziennik Ba\u0142tycki,\u00a0Presti\u017c Magazyn Tr\u00f3jmiejski Projekt zrealizowany ze \u015brodk\u00f3w Miasta SopotFestiwal Teatru Dokumentalnego i Rezydencja Artystyczna Sopot Non-Fiction to pierwszy w Polsce przegl\u0105d po\u015bwi\u0119cony teatrowi faktu.Jego formu\u0142a to zestawienie Festiwalu z warsztatami tw\u00f3rczymi dla m\u0142odych re\u017cyser\u00f3w, dramatopisarzy [&hellip;]\" \/>\n<meta property=\"og:url\" content=\"https:\/\/boto.art.pl\/index.php\/sopot-non-fiction-2022-info\/\" \/>\n<meta property=\"og:site_name\" content=\"Teatr Boto\" \/>\n<meta property=\"article:publisher\" content=\"https:\/\/www.facebook.com\/teatrboto\" \/>\n<meta property=\"article:modified_time\" content=\"2023-08-07T16:58:09+00:00\" \/>\n<meta property=\"og:image\" content=\"https:\/\/boto.art.pl\/wp-content\/uploads\/2022\/05\/SNF-scaled-1.jpg\" \/>\n\t<meta property=\"og:image:width\" content=\"2560\" \/>\n\t<meta property=\"og:image:height\" content=\"1077\" \/>\n\t<meta property=\"og:image:type\" content=\"image\/jpeg\" \/>\n<meta name=\"twitter:card\" content=\"summary_large_image\" \/>\n<meta name=\"twitter:label1\" content=\"Szacowany czas czytania\" \/>\n\t<meta name=\"twitter:data1\" content=\"3 minuty\" \/>\n<script type=\"application\/ld+json\" class=\"yoast-schema-graph\">{\"@context\":\"https:\\\/\\\/schema.org\",\"@graph\":[{\"@type\":\"WebPage\",\"@id\":\"https:\\\/\\\/boto.art.pl\\\/index.php\\\/sopot-non-fiction-2022-info\\\/\",\"url\":\"https:\\\/\\\/boto.art.pl\\\/index.php\\\/sopot-non-fiction-2022-info\\\/\",\"name\":\"sopot non fiction 2022 info &#8212; Teatr Boto\",\"isPartOf\":{\"@id\":\"https:\\\/\\\/boto.art.pl\\\/#website\"},\"primaryImageOfPage\":{\"@id\":\"https:\\\/\\\/boto.art.pl\\\/index.php\\\/sopot-non-fiction-2022-info\\\/#primaryimage\"},\"image\":{\"@id\":\"https:\\\/\\\/boto.art.pl\\\/index.php\\\/sopot-non-fiction-2022-info\\\/#primaryimage\"},\"thumbnailUrl\":\"https:\\\/\\\/boto.art.pl\\\/wp-content\\\/uploads\\\/2022\\\/05\\\/SNF-scaled-1.jpg\",\"datePublished\":\"2022-05-04T17:31:00+00:00\",\"dateModified\":\"2023-08-07T16:58:09+00:00\",\"breadcrumb\":{\"@id\":\"https:\\\/\\\/boto.art.pl\\\/index.php\\\/sopot-non-fiction-2022-info\\\/#breadcrumb\"},\"inLanguage\":\"pl-PL\",\"potentialAction\":[{\"@type\":\"ReadAction\",\"target\":[\"https:\\\/\\\/boto.art.pl\\\/index.php\\\/sopot-non-fiction-2022-info\\\/\"]}]},{\"@type\":\"ImageObject\",\"inLanguage\":\"pl-PL\",\"@id\":\"https:\\\/\\\/boto.art.pl\\\/index.php\\\/sopot-non-fiction-2022-info\\\/#primaryimage\",\"url\":\"https:\\\/\\\/boto.art.pl\\\/wp-content\\\/uploads\\\/2022\\\/05\\\/SNF-scaled-1.jpg\",\"contentUrl\":\"https:\\\/\\\/boto.art.pl\\\/wp-content\\\/uploads\\\/2022\\\/05\\\/SNF-scaled-1.jpg\",\"width\":2560,\"height\":1077},{\"@type\":\"BreadcrumbList\",\"@id\":\"https:\\\/\\\/boto.art.pl\\\/index.php\\\/sopot-non-fiction-2022-info\\\/#breadcrumb\",\"itemListElement\":[{\"@type\":\"ListItem\",\"position\":1,\"name\":\"Strona g\u0142\u00f3wna\",\"item\":\"https:\\\/\\\/boto.art.pl\\\/\"},{\"@type\":\"ListItem\",\"position\":2,\"name\":\"sopot non fiction 2022 info\"}]},{\"@type\":\"WebSite\",\"@id\":\"https:\\\/\\\/boto.art.pl\\\/#website\",\"url\":\"https:\\\/\\\/boto.art.pl\\\/\",\"name\":\"Teatr Boto\",\"description\":\"\",\"publisher\":{\"@id\":\"https:\\\/\\\/boto.art.pl\\\/#organization\"},\"potentialAction\":[{\"@type\":\"SearchAction\",\"target\":{\"@type\":\"EntryPoint\",\"urlTemplate\":\"https:\\\/\\\/boto.art.pl\\\/?s={search_term_string}\"},\"query-input\":{\"@type\":\"PropertyValueSpecification\",\"valueRequired\":true,\"valueName\":\"search_term_string\"}}],\"inLanguage\":\"pl-PL\"},{\"@type\":\"Organization\",\"@id\":\"https:\\\/\\\/boto.art.pl\\\/#organization\",\"name\":\"Teatr Boto\",\"url\":\"https:\\\/\\\/boto.art.pl\\\/\",\"logo\":{\"@type\":\"ImageObject\",\"inLanguage\":\"pl-PL\",\"@id\":\"https:\\\/\\\/boto.art.pl\\\/#\\\/schema\\\/logo\\\/image\\\/\",\"url\":\"https:\\\/\\\/boto.art.pl\\\/wp-content\\\/uploads\\\/2018\\\/03\\\/logotyp.svg\",\"contentUrl\":\"https:\\\/\\\/boto.art.pl\\\/wp-content\\\/uploads\\\/2018\\\/03\\\/logotyp.svg\",\"width\":1,\"height\":1,\"caption\":\"Teatr Boto\"},\"image\":{\"@id\":\"https:\\\/\\\/boto.art.pl\\\/#\\\/schema\\\/logo\\\/image\\\/\"},\"sameAs\":[\"https:\\\/\\\/www.facebook.com\\\/teatrboto\",\"https:\\\/\\\/www.instagram.com\\\/teatr_boto\\\/\"]}]}<\/script>\n<!-- \/ Yoast SEO plugin. -->","yoast_head_json":{"title":"sopot non fiction 2022 info &#8212; Teatr Boto","robots":{"index":"index","follow":"follow","max-snippet":"max-snippet:-1","max-image-preview":"max-image-preview:large","max-video-preview":"max-video-preview:-1"},"canonical":"https:\/\/boto.art.pl\/index.php\/sopot-non-fiction-2022-info\/","og_locale":"pl_PL","og_type":"article","og_title":"sopot non fiction 2022 info &#8212; Teatr Boto","og_description":"SOPOT NON-FICTION 2022Organizator:\u00a0Fundacja Teatru BOTOWsp\u00f3\u0142organizator:\u00a0Teatr Wybrze\u017ceKuratorzy:\u00a0Adam Nalepa, Roman Paw\u0142owski, Adam OrzechowskiPartnerzy:\u00a0Victus Apartamenty,\u00a0Centrum Kszta\u0142cenia Ustawicznego w Sopocie,\u00a0\u00a0Wolontariat Aktywni w SopociePatroni medialni:\u00a0teatralny.pl,\u00a0e-teatr.pl,\u00a0Trojmiasto.pl,\u00a0Dziennik Ba\u0142tycki,\u00a0Presti\u017c Magazyn Tr\u00f3jmiejski Projekt zrealizowany ze \u015brodk\u00f3w Miasta SopotFestiwal Teatru Dokumentalnego i Rezydencja Artystyczna Sopot Non-Fiction to pierwszy w Polsce przegl\u0105d po\u015bwi\u0119cony teatrowi faktu.Jego formu\u0142a to zestawienie Festiwalu z warsztatami tw\u00f3rczymi dla m\u0142odych re\u017cyser\u00f3w, dramatopisarzy [&hellip;]","og_url":"https:\/\/boto.art.pl\/index.php\/sopot-non-fiction-2022-info\/","og_site_name":"Teatr Boto","article_publisher":"https:\/\/www.facebook.com\/teatrboto","article_modified_time":"2023-08-07T16:58:09+00:00","og_image":[{"width":2560,"height":1077,"url":"https:\/\/boto.art.pl\/wp-content\/uploads\/2022\/05\/SNF-scaled-1.jpg","type":"image\/jpeg"}],"twitter_card":"summary_large_image","twitter_misc":{"Szacowany czas czytania":"3 minuty"},"schema":{"@context":"https:\/\/schema.org","@graph":[{"@type":"WebPage","@id":"https:\/\/boto.art.pl\/index.php\/sopot-non-fiction-2022-info\/","url":"https:\/\/boto.art.pl\/index.php\/sopot-non-fiction-2022-info\/","name":"sopot non fiction 2022 info &#8212; Teatr Boto","isPartOf":{"@id":"https:\/\/boto.art.pl\/#website"},"primaryImageOfPage":{"@id":"https:\/\/boto.art.pl\/index.php\/sopot-non-fiction-2022-info\/#primaryimage"},"image":{"@id":"https:\/\/boto.art.pl\/index.php\/sopot-non-fiction-2022-info\/#primaryimage"},"thumbnailUrl":"https:\/\/boto.art.pl\/wp-content\/uploads\/2022\/05\/SNF-scaled-1.jpg","datePublished":"2022-05-04T17:31:00+00:00","dateModified":"2023-08-07T16:58:09+00:00","breadcrumb":{"@id":"https:\/\/boto.art.pl\/index.php\/sopot-non-fiction-2022-info\/#breadcrumb"},"inLanguage":"pl-PL","potentialAction":[{"@type":"ReadAction","target":["https:\/\/boto.art.pl\/index.php\/sopot-non-fiction-2022-info\/"]}]},{"@type":"ImageObject","inLanguage":"pl-PL","@id":"https:\/\/boto.art.pl\/index.php\/sopot-non-fiction-2022-info\/#primaryimage","url":"https:\/\/boto.art.pl\/wp-content\/uploads\/2022\/05\/SNF-scaled-1.jpg","contentUrl":"https:\/\/boto.art.pl\/wp-content\/uploads\/2022\/05\/SNF-scaled-1.jpg","width":2560,"height":1077},{"@type":"BreadcrumbList","@id":"https:\/\/boto.art.pl\/index.php\/sopot-non-fiction-2022-info\/#breadcrumb","itemListElement":[{"@type":"ListItem","position":1,"name":"Strona g\u0142\u00f3wna","item":"https:\/\/boto.art.pl\/"},{"@type":"ListItem","position":2,"name":"sopot non fiction 2022 info"}]},{"@type":"WebSite","@id":"https:\/\/boto.art.pl\/#website","url":"https:\/\/boto.art.pl\/","name":"Teatr Boto","description":"","publisher":{"@id":"https:\/\/boto.art.pl\/#organization"},"potentialAction":[{"@type":"SearchAction","target":{"@type":"EntryPoint","urlTemplate":"https:\/\/boto.art.pl\/?s={search_term_string}"},"query-input":{"@type":"PropertyValueSpecification","valueRequired":true,"valueName":"search_term_string"}}],"inLanguage":"pl-PL"},{"@type":"Organization","@id":"https:\/\/boto.art.pl\/#organization","name":"Teatr Boto","url":"https:\/\/boto.art.pl\/","logo":{"@type":"ImageObject","inLanguage":"pl-PL","@id":"https:\/\/boto.art.pl\/#\/schema\/logo\/image\/","url":"https:\/\/boto.art.pl\/wp-content\/uploads\/2018\/03\/logotyp.svg","contentUrl":"https:\/\/boto.art.pl\/wp-content\/uploads\/2018\/03\/logotyp.svg","width":1,"height":1,"caption":"Teatr Boto"},"image":{"@id":"https:\/\/boto.art.pl\/#\/schema\/logo\/image\/"},"sameAs":["https:\/\/www.facebook.com\/teatrboto","https:\/\/www.instagram.com\/teatr_boto\/"]}]}},"_links":{"self":[{"href":"https:\/\/boto.art.pl\/index.php\/wp-json\/wp\/v2\/pages\/62047","targetHints":{"allow":["GET"]}}],"collection":[{"href":"https:\/\/boto.art.pl\/index.php\/wp-json\/wp\/v2\/pages"}],"about":[{"href":"https:\/\/boto.art.pl\/index.php\/wp-json\/wp\/v2\/types\/page"}],"author":[{"embeddable":true,"href":"https:\/\/boto.art.pl\/index.php\/wp-json\/wp\/v2\/users\/2"}],"replies":[{"embeddable":true,"href":"https:\/\/boto.art.pl\/index.php\/wp-json\/wp\/v2\/comments?post=62047"}],"version-history":[{"count":18,"href":"https:\/\/boto.art.pl\/index.php\/wp-json\/wp\/v2\/pages\/62047\/revisions"}],"predecessor-version":[{"id":65031,"href":"https:\/\/boto.art.pl\/index.php\/wp-json\/wp\/v2\/pages\/62047\/revisions\/65031"}],"wp:featuredmedia":[{"embeddable":true,"href":"https:\/\/boto.art.pl\/index.php\/wp-json\/wp\/v2\/media\/62050"}],"wp:attachment":[{"href":"https:\/\/boto.art.pl\/index.php\/wp-json\/wp\/v2\/media?parent=62047"}],"curies":[{"name":"wp","href":"https:\/\/api.w.org\/{rel}","templated":true}]}}